CRAN Package Check Results for Package MediaNews

Last updated on 2021-10-19 05:51:06 CEST.

Flavor Version Tinstall Tcheck Ttotal Status Flags
r-devel-windows-x86_64 0.2.1 7.00 51.00 58.00 OK
r-devel-windows-x86_64-gcc10-UCRT 0.2.1 NOTE
r-release-macos-arm64 0.2.1 NOTE
r-release-windows-ix86+x86_64 0.2.1 8.00 51.00 59.00 OK
r-oldrel-windows-ix86+x86_64 0.2.1 11.00 58.00 69.00 OK

Check Details

Version: 0.2.1
Check: data for non-ASCII characters
Result: NOTE
     Note: found 7757 marked UTF-8 strings
Flavors: r-devel-windows-x86_64-gcc10-UCRT, r-release-macos-arm64