CRAN Package Check Results for Package Matrix.utils

Last updated on 2021-09-20 05:50:03 CEST.

Flavor Version Tinstall Tcheck Ttotal Status Flags
r-devel-linux-x86_64-debian-clang 0.9.8 8.91 70.40 79.31 NOTE
r-devel-linux-x86_64-debian-gcc 0.9.8 6.10 54.74 60.84 NOTE
r-devel-linux-x86_64-fedora-clang 0.9.8 102.24 NOTE
r-devel-linux-x86_64-fedora-gcc 0.9.8 91.25 NOTE
r-devel-windows-x86_64 0.9.8 8.00 67.00 75.00 NOTE
r-devel-windows-x86_64-gcc10-UCRT 0.9.8 ERROR
r-patched-linux-x86_64 0.9.8 7.39 66.71 74.10 NOTE
r-patched-solaris-x86 0.9.8 142.30 NOTE
r-release-linux-x86_64 0.9.8 7.87 67.45 75.32 NOTE
r-release-macos-arm64 0.9.8 NOTE
r-release-macos-x86_64 0.9.8 NOTE
r-release-windows-ix86+x86_64 0.9.8 17.00 89.00 106.00 NOTE
r-oldrel-macos-x86_64 0.9.8 OK
r-oldrel-windows-ix86+x86_64 0.9.8 17.00 65.00 82.00 OK

Check Details

Version: 0.9.8
Check: LazyData
Result: NOTE
     'LazyData' is specified without a 'data' directory
Flavors: r-devel-linux-x86_64-debian-clang, r-devel-linux-x86_64-debian-gcc, r-devel-linux-x86_64-fedora-clang, r-devel-linux-x86_64-fedora-gcc, r-devel-windows-x86_64, r-devel-windows-x86_64-gcc10-UCRT, r-patched-linux-x86_64, r-patched-solaris-x86, r-release-linux-x86_64, r-release-macos-arm64, r-release-macos-x86_64, r-release-windows-ix86+x86_64

Version: 0.9.8
Check: Rd cross-references
Result: NOTE
    Undeclared packages ‘dplyr’, ‘plyr’, ‘reshape2’, ‘reshape’ in Rd xrefs
Flavor: r-devel-linux-x86_64-fedora-clang

Version: 0.9.8
Check: whether package can be installed
Result: WARN
    Found the following significant warnings:
     WARNING: installation-time patches will not be applied, could not get the patches index
Flavor: r-devel-windows-x86_64-gcc10-UCRT

Version: 0.9.8
Check: PDF version of manual
Result: WARN
    LaTeX errors when creating PDF version.
    This typically indicates Rd problems.
Flavor: r-devel-windows-x86_64-gcc10-UCRT

Version: 0.9.8
Check: PDF version of manual without hyperrefs or index
Result: ERROR
    Re-running with no redirection of stdout/stderr.
Flavor: r-devel-windows-x86_64-gcc10-UCRT