CRAN Package Check Results for Package MOSS

Last updated on 2021-08-03 05:52:53 CEST.

Flavor Version Tinstall Tcheck Ttotal Status Flags
r-devel-linux-x86_64-debian-clang 0.2.0 6.33 310.53 316.86 OK
r-devel-linux-x86_64-debian-gcc 0.2.0 4.53 237.40 241.93 OK
r-devel-linux-x86_64-fedora-clang 0.2.0 389.20 OK
r-devel-linux-x86_64-fedora-gcc 0.2.0 380.74 OK
r-devel-windows-x86_64 0.2.0 8.00 379.00 387.00 OK
r-devel-windows-x86_64-gcc10-UCRT 0.2.0 OK
r-patched-linux-x86_64 0.2.0 5.75 301.59 307.34 OK
r-patched-solaris-x86 0.2.0 798.10 OK
r-release-linux-x86_64 0.2.0 5.24 306.48 311.72 OK
r-release-macos-arm64 0.2.0 WARN
r-release-macos-x86_64 0.2.0 OK
r-release-windows-ix86+x86_64 0.2.0 10.00 381.00 391.00 OK
r-oldrel-macos-x86_64 0.2.0 OK
r-oldrel-windows-ix86+x86_64 0.2.0 9.00 381.00 390.00 OK

Check Details

Version: 0.2.0
Check: package dependencies
Result: NOTE
    Package suggested but not available for checking: ‘ComplexHeatmap’
Flavor: r-release-macos-arm64

Version: 0.2.0
Check: re-building of vignette outputs
Result: WARN
    Error(s) in re-building vignettes:
     ...
    --- re-building ‘MOSS_working_example.Rmd’ using rmarkdown
    Warning in engine$weave(file, quiet = quiet, encoding = enc) :
     Pandoc (>= 1.12.3) not available. Falling back to R Markdown v1.
    Quitting from lines 149-151 (MOSS_working_example.Rmd)
    Error: processing vignette 'MOSS_working_example.Rmd' failed with diagnostics:
    polygon edge not found
    --- failed re-building ‘MOSS_working_example.Rmd’
    
    SUMMARY: processing the following file failed:
     ‘MOSS_working_example.Rmd’
    
    Error: Vignette re-building failed.
    Execution halted
Flavor: r-release-macos-arm64