CRAN Package Check Results for Package ML2Pvae

Last updated on 2021-05-17 05:48:53 CEST.

Flavor Version Tinstall Tcheck Ttotal Status Flags
r-devel-linux-x86_64-debian-clang 1.0.0 2.52 31.23 33.75 OK
r-devel-linux-x86_64-debian-gcc 1.0.0 2.22 24.76 26.98 OK
r-devel-linux-x86_64-fedora-clang 1.0.0 51.78 NOTE
r-devel-linux-x86_64-fedora-gcc 1.0.0 39.41 NOTE
r-devel-windows-ix86+x86_64 1.0.0 7.00 47.00 54.00 OK
r-devel-windows-x86_64-gcc10-UCRT 1.0.0 NOTE
r-patched-linux-x86_64 1.0.0 2.96 30.56 33.52 OK
r-patched-solaris-x86 1.0.0 59.00 NOTE
r-release-linux-x86_64 1.0.0 2.37 31.30 33.67 OK
r-release-macos-x86_64 1.0.0 NOTE
r-release-windows-ix86+x86_64 1.0.0 6.00 36.00 42.00 OK
r-oldrel-macos-x86_64 1.0.0 NOTE
r-oldrel-windows-ix86+x86_64 1.0.0 4.00 39.00 43.00 OK

Check Details

Version: 1.0.0
Check: dependencies in R code
Result: NOTE
    Namespace in Imports field not imported from: ‘reticulate’
     All declared Imports should be used.
Flavors: r-devel-linux-x86_64-fedora-clang, r-devel-linux-x86_64-fedora-gcc, r-devel-windows-x86_64-gcc10-UCRT, r-patched-solaris-x86, r-release-macos-x86_64, r-oldrel-macos-x86_64