CRAN Package Check Results for Package MESS

Last updated on 2021-09-23 05:51:29 CEST.

Flavor Version Tinstall Tcheck Ttotal Status Flags
r-devel-linux-x86_64-debian-clang 0.5.7 263.14 132.53 395.67 OK
r-devel-linux-x86_64-debian-gcc 0.5.7 167.58 98.13 265.71 OK
r-devel-linux-x86_64-fedora-clang 0.5.7 545.11 NOTE
r-devel-linux-x86_64-fedora-gcc 0.5.7 481.63 OK
r-devel-windows-x86_64 0.5.7 238.00 139.00 377.00 OK
r-devel-windows-x86_64-gcc10-UCRT 0.5.7 ERROR
r-patched-linux-x86_64 0.5.7 205.05 125.71 330.76 OK
r-patched-solaris-x86 0.5.7 472.70 OK
r-release-linux-x86_64 0.5.7 199.29 124.81 324.10 OK
r-release-macos-arm64 0.5.7 NOTE
r-release-macos-x86_64 0.5.7 NOTE
r-release-windows-ix86+x86_64 0.5.7 590.00 252.00 842.00 NOTE
r-oldrel-macos-x86_64 0.5.7 NOTE
r-oldrel-windows-ix86+x86_64 0.5.7 429.00 191.00 620.00 NOTE

Check Details

Version: 0.5.7
Check: installed package size
Result: NOTE
     installed size is 8.8Mb
     sub-directories of 1Mb or more:
     data 2.8Mb
     libs 5.6Mb
Flavors: r-devel-linux-x86_64-fedora-clang, r-release-macos-arm64, r-release-macos-x86_64, r-release-windows-ix86+x86_64, r-oldrel-macos-x86_64, r-oldrel-windows-ix86+x86_64

Version: 0.5.7
Check: whether package can be installed
Result: ERROR
    Installation failed.
Flavor: r-devel-windows-x86_64-gcc10-UCRT