CRAN Package Check Results for Package MEGENA

Last updated on 2021-08-03 05:52:51 CEST.

Flavor Version Tinstall Tcheck Ttotal Status Flags
r-devel-linux-x86_64-debian-clang 1.3.7 39.82 189.07 228.89 NOTE
r-devel-linux-x86_64-debian-gcc 1.3.7 30.86 143.34 174.20 NOTE
r-devel-linux-x86_64-fedora-clang 1.3.7 286.20 NOTE
r-devel-linux-x86_64-fedora-gcc 1.3.7 271.37 NOTE
r-devel-windows-x86_64 1.3.7 57.00 275.00 332.00 OK
r-devel-windows-x86_64-gcc10-UCRT 1.3.7 OK
r-patched-linux-x86_64 1.3.7 37.32 179.65 216.97 NOTE
r-patched-solaris-x86 1.3.7 499.80 NOTE
r-release-linux-x86_64 1.3.7 34.02 178.40 212.42 NOTE
r-release-macos-arm64 1.3.7 WARN
r-release-macos-x86_64 1.3.7 OK
r-release-windows-ix86+x86_64 1.3.7 96.00 325.00 421.00 OK
r-oldrel-macos-x86_64 1.3.7 OK
r-oldrel-windows-ix86+x86_64 1.3.7 90.00 341.00 431.00 OK

Check Details

Version: 1.3.7
Check: for non-standard things in the check directory
Result: NOTE
    Found the following files/directories:
     'Data_Correlation.txt' 'correlation_FDR_table.txt'
Flavors: r-devel-linux-x86_64-debian-clang, r-devel-linux-x86_64-debian-gcc, r-devel-linux-x86_64-fedora-clang, r-devel-linux-x86_64-fedora-gcc, r-patched-linux-x86_64, r-patched-solaris-x86, r-release-linux-x86_64

Version: 1.3.7
Check: re-building of vignette outputs
Result: WARN
    Error(s) in re-building vignettes:
    --- re-building ‘MEGENA_pipeline_10062016.Rmd’ using rmarkdown
    Warning in engine$weave(file, quiet = quiet, encoding = enc) :
     Pandoc (>= 1.12.3) not available. Falling back to R Markdown v1.
    Loading required package: doParallel
    Loading required package: foreach
    Loading required package: iterators
    Loading required package: parallel
    Loading required package: igraph
    
    Attaching package: 'igraph'
    
    The following objects are masked from 'package:stats':
    
     decompose, spectrum
    
    The following object is masked from 'package:base':
    
     union
    
    Quitting from lines 120-128 (MEGENA_pipeline_10062016.Rmd)
    Error: processing vignette 'MEGENA_pipeline_10062016.Rmd' failed with diagnostics:
    polygon edge not found
    --- failed re-building ‘MEGENA_pipeline_10062016.Rmd’
    
    SUMMARY: processing the following file failed:
     ‘MEGENA_pipeline_10062016.Rmd’
    
    Error: Vignette re-building failed.
    Execution halted
Flavor: r-release-macos-arm64