CRAN Package Check Results for Package MBNMAdose

Last updated on 2021-07-31 05:51:52 CEST.

Flavor Version Tinstall Tcheck Ttotal Status Flags
r-devel-linux-x86_64-debian-clang 0.3.0 8.85 252.79 261.64 OK
r-devel-linux-x86_64-debian-gcc 0.3.0 7.04 182.55 189.59 OK
r-devel-linux-x86_64-fedora-clang 0.3.0 356.52 NOTE
r-devel-linux-x86_64-fedora-gcc 0.3.0 342.85 NOTE
r-devel-windows-x86_64 0.3.0 11.00 322.00 333.00 OK
r-devel-windows-x86_64-gcc10-UCRT 0.3.0 NOTE
r-patched-linux-x86_64 0.3.0 OK
r-patched-solaris-x86 0.3.0 683.00 NOTE
r-release-linux-x86_64 0.3.0 11.41 244.21 255.62 OK
r-release-macos-arm64 0.3.0 ERROR
r-release-macos-x86_64 0.3.0 NOTE
r-release-windows-ix86+x86_64 0.3.0 17.00 316.00 333.00 OK
r-oldrel-macos-x86_64 0.3.0 NOTE
r-oldrel-windows-ix86+x86_64 0.3.0 14.00 328.00 342.00 OK

Check Details

Version: 0.3.0
Check: dependencies in R code
Result: NOTE
    Namespaces in Imports field not imported from:
     ‘formatR’ ‘utf8’
     All declared Imports should be used.
Flavors: r-devel-linux-x86_64-fedora-clang, r-devel-linux-x86_64-fedora-gcc, r-devel-windows-x86_64-gcc10-UCRT, r-patched-solaris-x86, r-release-macos-x86_64, r-oldrel-macos-x86_64

Version: 0.3.0
Check: data for non-ASCII characters
Result: NOTE
     Note: found 6 marked Latin-1 strings
Flavors: r-devel-linux-x86_64-fedora-clang, r-devel-linux-x86_64-fedora-gcc, r-devel-windows-x86_64-gcc10-UCRT, r-patched-solaris-x86, r-release-macos-x86_64, r-oldrel-macos-x86_64

Version: 0.3.0
Check: package dependencies
Result: ERROR
    Packages required but not available: 'R2jags', 'rjags'
    
    See section ‘The DESCRIPTION file’ in the ‘Writing R Extensions’
    manual.
Flavor: r-release-macos-arm64