CRAN Package Check Results for Package MARSANNhybrid

Last updated on 2021-10-19 05:51:06 CEST.

Flavor Version Tinstall Tcheck Ttotal Status Flags
r-devel-linux-x86_64-debian-clang 0.1.0 2.10 24.27 26.37 NOTE
r-devel-linux-x86_64-debian-gcc 0.1.0 1.59 18.76 20.35 NOTE
r-devel-linux-x86_64-fedora-clang 0.1.0 42.91 NOTE
r-devel-linux-x86_64-fedora-gcc 0.1.0 33.02 NOTE
r-devel-windows-x86_64 0.1.0 4.00 43.00 47.00 NOTE
r-devel-windows-x86_64-gcc10-UCRT 0.1.0 NOTE
r-patched-linux-x86_64 0.1.0 2.10 23.09 25.19 NOTE
r-patched-solaris-x86 0.1.0 50.90 NOTE
r-release-linux-x86_64 0.1.0 2.15 23.77 25.92 NOTE
r-release-macos-arm64 0.1.0 NOTE
r-release-macos-x86_64 0.1.0 NOTE
r-release-windows-ix86+x86_64 0.1.0 4.00 42.00 46.00 NOTE
r-oldrel-macos-x86_64 0.1.0 OK
r-oldrel-windows-ix86+x86_64 0.1.0 6.00 40.00 46.00 OK

Check Details

Version: 0.1.0
Check: LazyData
Result: NOTE
     'LazyData' is specified without a 'data' directory
Flavors: r-devel-linux-x86_64-debian-clang, r-devel-linux-x86_64-debian-gcc, r-devel-linux-x86_64-fedora-clang, r-devel-linux-x86_64-fedora-gcc, r-devel-windows-x86_64, r-devel-windows-x86_64-gcc10-UCRT, r-patched-linux-x86_64, r-patched-solaris-x86, r-release-linux-x86_64, r-release-macos-arm64, r-release-macos-x86_64, r-release-windows-ix86+x86_64