CRAN Package Check Results for Package KRMM

Last updated on 2021-10-19 05:51:05 CEST.

Flavor Version Tinstall Tcheck Ttotal Status Flags
r-devel-linux-x86_64-debian-clang 1.0 4.72 43.24 47.96 NOTE
r-devel-linux-x86_64-debian-gcc 1.0 4.16 34.34 38.50 NOTE
r-devel-linux-x86_64-fedora-clang 1.0 69.26 NOTE
r-devel-linux-x86_64-fedora-gcc 1.0 59.34 NOTE
r-devel-windows-x86_64 1.0 8.00 64.00 72.00 NOTE
r-devel-windows-x86_64-gcc10-UCRT 1.0 NOTE
r-patched-linux-x86_64 1.0 5.51 42.40 47.91 NOTE
r-patched-solaris-x86 1.0 88.80 NOTE
r-release-linux-x86_64 1.0 4.70 42.73 47.43 NOTE
r-release-macos-arm64 1.0 NOTE
r-release-macos-x86_64 1.0 NOTE
r-release-windows-ix86+x86_64 1.0 10.00 63.00 73.00 NOTE
r-oldrel-macos-x86_64 1.0 OK
r-oldrel-windows-ix86+x86_64 1.0 12.00 66.00 78.00 OK

Check Details

Version: 1.0
Check: LazyData
Result: NOTE
     'LazyData' is specified without a 'data' directory
Flavors: r-devel-linux-x86_64-debian-clang, r-devel-linux-x86_64-debian-gcc, r-devel-linux-x86_64-fedora-clang, r-devel-linux-x86_64-fedora-gcc, r-devel-windows-x86_64, r-devel-windows-x86_64-gcc10-UCRT, r-patched-linux-x86_64, r-patched-solaris-x86, r-release-linux-x86_64, r-release-macos-arm64, r-release-macos-x86_64, r-release-windows-ix86+x86_64