CRAN Package Check Results for Package IceCast

Last updated on 2021-05-17 05:48:49 CEST.

Flavor Version Tinstall Tcheck Ttotal Status Flags
r-devel-linux-x86_64-debian-clang 2.1.0 47.01 562.87 609.88 OK
r-devel-linux-x86_64-debian-gcc 2.1.0 36.64 395.35 431.99 OK
r-devel-linux-x86_64-fedora-clang 2.1.0 731.62 NOTE
r-devel-linux-x86_64-fedora-gcc 2.1.0 755.05 NOTE
r-devel-windows-ix86+x86_64 2.1.0 118.00 836.00 954.00 OK
r-devel-windows-x86_64-gcc10-UCRT 2.1.0 NOTE
r-patched-linux-x86_64 2.1.0 43.13 528.56 571.69 OK
r-patched-solaris-x86 2.1.0 1020.30 NOTE
r-release-linux-x86_64 2.1.0 42.01 513.45 555.46 OK
r-release-macos-x86_64 2.1.0 NOTE
r-release-windows-ix86+x86_64 2.1.0 82.00 523.00 605.00 OK
r-oldrel-macos-x86_64 2.1.0 NOTE
r-oldrel-windows-ix86+x86_64 2.1.0 71.00 638.00 709.00 OK

Check Details

Version: 2.1.0
Check: dependencies in R code
Result: NOTE
    Namespace in Imports field not imported from: ‘coda’
     All declared Imports should be used.
Flavors: r-devel-linux-x86_64-fedora-clang, r-devel-linux-x86_64-fedora-gcc, r-devel-windows-x86_64-gcc10-UCRT, r-patched-solaris-x86, r-release-macos-x86_64, r-oldrel-macos-x86_64