CRAN Package Check Results for Package ISM

Last updated on 2021-10-19 05:51:04 CEST.

Flavor Version Tinstall Tcheck Ttotal Status Flags
r-devel-linux-x86_64-debian-clang 0.1.0 8.82 78.57 87.39 NOTE
r-devel-linux-x86_64-debian-gcc 0.1.0 6.56 60.45 67.01 NOTE
r-devel-linux-x86_64-fedora-clang 0.1.0 116.19 NOTE
r-devel-linux-x86_64-fedora-gcc 0.1.0 105.10 NOTE
r-devel-windows-x86_64 0.1.0 11.00 77.00 88.00 NOTE
r-devel-windows-x86_64-gcc10-UCRT 0.1.0 NOTE
r-patched-linux-x86_64 0.1.0 8.77 76.96 85.73 NOTE
r-patched-solaris-x86 0.1.0 108.80 NOTE
r-release-linux-x86_64 0.1.0 8.83 77.57 86.40 NOTE
r-release-macos-arm64 0.1.0 NOTE
r-release-macos-x86_64 0.1.0 NOTE
r-release-windows-ix86+x86_64 0.1.0 11.00 74.00 85.00 NOTE
r-oldrel-macos-x86_64 0.1.0 OK
r-oldrel-windows-ix86+x86_64 0.1.0 15.00 75.00 90.00 OK

Check Details

Version: 0.1.0
Check: LazyData
Result: NOTE
     'LazyData' is specified without a 'data' directory
Flavors: r-devel-linux-x86_64-debian-clang, r-devel-linux-x86_64-debian-gcc, r-devel-linux-x86_64-fedora-clang, r-devel-linux-x86_64-fedora-gcc, r-devel-windows-x86_64, r-devel-windows-x86_64-gcc10-UCRT, r-patched-linux-x86_64, r-patched-solaris-x86, r-release-linux-x86_64, r-release-macos-arm64, r-release-macos-x86_64, r-release-windows-ix86+x86_64