CRAN Package Check Results for Package INTRIGUE

Last updated on 2022-01-26 05:54:18 CET.

Flavor Version Tinstall Tcheck Ttotal Status Flags
r-devel-linux-x86_64-debian-clang 0.1.0 3.22 41.13 44.35 OK
r-devel-linux-x86_64-debian-gcc 0.1.0 2.45 31.00 33.45 OK
r-devel-linux-x86_64-fedora-clang 0.1.0 53.35 NOTE
r-devel-linux-x86_64-fedora-gcc 0.1.0 42.54 NOTE
r-devel-windows-x86_64-new-UL 0.1.0 33.00 56.00 89.00 OK
r-devel-windows-x86_64-new-TK 0.1.0 NOTE
r-patched-linux-x86_64 0.1.0 3.21 37.90 41.11 OK
r-release-linux-x86_64 0.1.0 3.29 38.71 42.00 OK
r-release-macos-arm64 0.1.0 NOTE
r-release-macos-x86_64 0.1.0 NOTE
r-release-windows-ix86+x86_64 0.1.0 6.00 48.00 54.00 OK
r-oldrel-macos-x86_64 0.1.0 NOTE
r-oldrel-windows-ix86+x86_64 0.1.0 7.00 48.00 55.00 OK

Check Details

Version: 0.1.0
Check: dependencies in R code
Result: NOTE
    Namespace in Imports field not imported from: ‘dplyr’
     All declared Imports should be used.
Flavors: r-devel-linux-x86_64-fedora-clang, r-devel-linux-x86_64-fedora-gcc, r-devel-windows-x86_64-new-TK, r-release-macos-arm64, r-release-macos-x86_64, r-oldrel-macos-x86_64