CRAN Package Check Results for Package IFAA

Last updated on 2021-10-27 05:55:10 CEST.

Flavor Version Tinstall Tcheck Ttotal Status Flags
r-devel-linux-x86_64-debian-clang 1.0.2 10.03 101.19 111.22 OK
r-devel-linux-x86_64-debian-gcc 1.0.2 8.42 79.63 88.05 OK
r-devel-linux-x86_64-fedora-clang 1.0.2 145.26 NOTE
r-devel-linux-x86_64-fedora-gcc 1.0.2 141.19 NOTE
r-devel-windows-x86_64 1.0.2 18.00 223.00 241.00 OK
r-devel-windows-x86_64-gcc10-UCRT 1.0.2 NOTE
r-patched-linux-x86_64 1.0.2 11.46 98.87 110.33 OK
r-patched-solaris-x86 1.0.2 429.00 NOTE
r-release-linux-x86_64 1.0.2 10.31 96.31 106.62 OK
r-release-macos-arm64 1.0.2 NOTE
r-release-macos-x86_64 1.0.2 NOTE
r-release-windows-ix86+x86_64 1.0.2 18.00 226.00 244.00 OK
r-oldrel-macos-x86_64 1.0.2 NOTE
r-oldrel-windows-ix86+x86_64 1.0.2 23.00 224.00 247.00 OK

Check Details

Version: 1.0.2
Check: dependencies in R code
Result: NOTE
    Namespaces in Imports field not imported from:
     ‘expm’ ‘rlecuyer’
     All declared Imports should be used.
Flavors: r-devel-linux-x86_64-fedora-clang, r-devel-linux-x86_64-fedora-gcc, r-devel-windows-x86_64-gcc10-UCRT, r-patched-solaris-x86, r-release-macos-arm64, r-release-macos-x86_64, r-oldrel-macos-x86_64