CRAN Package Check Results for Package ICcforest

Last updated on 2021-10-18 05:54:21 CEST.

Flavor Version Tinstall Tcheck Ttotal Status Flags
r-devel-linux-x86_64-debian-clang 0.5.1 8.36 93.89 102.25 NOTE
r-devel-linux-x86_64-debian-gcc 0.5.1 7.69 72.00 79.69 NOTE
r-devel-linux-x86_64-fedora-clang 0.5.1 130.21 NOTE
r-devel-linux-x86_64-fedora-gcc 0.5.1 126.86 NOTE
r-devel-windows-x86_64 0.5.1 16.00 121.00 137.00 NOTE
r-devel-windows-x86_64-gcc10-UCRT 0.5.1 NOTE
r-patched-linux-x86_64 0.5.1 8.49 89.98 98.47 NOTE
r-patched-solaris-x86 0.5.1 180.60 NOTE
r-release-linux-x86_64 0.5.1 7.53 89.46 96.99 NOTE
r-release-macos-arm64 0.5.1 NOTE
r-release-macos-x86_64 0.5.1 NOTE
r-release-windows-ix86+x86_64 0.5.1 16.00 113.00 129.00 NOTE
r-oldrel-macos-x86_64 0.5.1 OK
r-oldrel-windows-ix86+x86_64 0.5.1 22.00 120.00 142.00 OK

Check Details

Version: 0.5.1
Check: LazyData
Result: NOTE
     'LazyData' is specified without a 'data' directory
Flavors: r-devel-linux-x86_64-debian-clang, r-devel-linux-x86_64-debian-gcc, r-devel-linux-x86_64-fedora-clang, r-devel-linux-x86_64-fedora-gcc, r-devel-windows-x86_64, r-devel-windows-x86_64-gcc10-UCRT, r-patched-linux-x86_64, r-patched-solaris-x86, r-release-linux-x86_64, r-release-macos-arm64, r-release-macos-x86_64, r-release-windows-ix86+x86_64

Version: 0.5.1
Check: package dependencies
Result: NOTE
    Package suggested but not available for checking: ‘LTRCtrees’
Flavor: r-release-macos-arm64

Version: 0.5.1
Check: Rd cross-references
Result: NOTE
    Package unavailable to check Rd xrefs: ‘LTRCtrees’
Flavor: r-release-macos-arm64