CRAN Package Check Results for Package HDtest

Last updated on 2021-09-20 05:49:56 CEST.

Flavor Version Tinstall Tcheck Ttotal Status Flags
r-devel-linux-x86_64-debian-clang 2.1 11.26 79.69 90.95 OK
r-devel-linux-x86_64-debian-gcc 2.1 7.60 62.10 69.70 OK
r-devel-linux-x86_64-fedora-clang 2.1 115.12 OK
r-devel-linux-x86_64-fedora-gcc 2.1 105.45 OK
r-devel-windows-x86_64 2.1 10.00 75.00 85.00 OK
r-devel-windows-x86_64-gcc10-UCRT 2.1 ERROR
r-patched-linux-x86_64 2.1 9.29 76.54 85.83 OK
r-patched-solaris-x86 2.1 168.80 OK
r-release-linux-x86_64 2.1 9.87 75.90 85.77 OK
r-release-macos-arm64 2.1 OK
r-release-macos-x86_64 2.1 OK
r-release-windows-ix86+x86_64 2.1 24.00 127.00 151.00 OK
r-oldrel-macos-x86_64 2.1 OK
r-oldrel-windows-ix86+x86_64 2.1 22.00 100.00 122.00 OK

Check Details

Version: 2.1
Check: whether package can be installed
Result: ERROR
    Installation failed.
Flavor: r-devel-windows-x86_64-gcc10-UCRT