CRAN Package Check Results for Package HDPenReg

Last updated on 2021-05-16 05:47:53 CEST.

Flavor Version Tinstall Tcheck Ttotal Status Flags
r-devel-linux-x86_64-debian-clang 0.94.7 355.27 100.21 455.48 OK
r-devel-linux-x86_64-debian-gcc 0.94.7 266.76 78.30 345.06 OK
r-devel-linux-x86_64-fedora-clang 0.94.7 596.60 NOTE
r-devel-linux-x86_64-fedora-gcc 0.94.7 665.07 OK
r-devel-windows-ix86+x86_64 0.94.7 746.00 143.00 889.00 OK
r-devel-windows-x86_64-gcc10-UCRT 0.94.7 OK
r-patched-linux-x86_64 0.94.7 305.74 98.85 404.59 OK
r-patched-solaris-x86 0.94.7 521.70 OK
r-release-linux-x86_64 0.94.7 312.69 96.20 408.89 OK
r-release-macos-x86_64 0.94.7 NOTE
r-release-windows-ix86+x86_64 0.94.7 554.00 184.00 738.00 OK
r-oldrel-macos-x86_64 0.94.7 NOTE
r-oldrel-windows-ix86+x86_64 0.94.7 503.00 160.00 663.00 OK

Check Details

Version: 0.94.7
Check: installed package size
Result: NOTE
     installed size is 22.7Mb
     sub-directories of 1Mb or more:
     libs 22.2Mb
Flavors: r-devel-linux-x86_64-fedora-clang, r-release-macos-x86_64, r-oldrel-macos-x86_64