CRAN Package Check Results for Package GmAMisc

Last updated on 2021-10-19 05:51:01 CEST.

Flavor Version Tinstall Tcheck Ttotal Status Flags
r-devel-linux-x86_64-debian-clang 1.2.0 42.00 402.57 444.57 OK
r-devel-linux-x86_64-debian-gcc 1.2.0 33.46 298.05 331.51 OK
r-devel-linux-x86_64-fedora-clang 1.2.0 524.65 NOTE
r-devel-linux-x86_64-fedora-gcc 1.2.0 511.21 OK
r-devel-windows-x86_64 1.2.0 66.00 482.00 548.00 OK
r-devel-windows-x86_64-gcc10-UCRT 1.2.0 OK
r-patched-linux-x86_64 1.2.0 38.47 386.81 425.28 OK
r-patched-solaris-x86 1.2.0 690.00 OK
r-release-linux-x86_64 1.2.0 37.40 384.97 422.37 OK
r-release-macos-arm64 1.2.0 OK
r-release-macos-x86_64 1.2.0 OK
r-release-windows-ix86+x86_64 1.2.0 105.00 496.00 601.00 OK
r-oldrel-macos-x86_64 1.2.0 OK
r-oldrel-windows-ix86+x86_64 1.2.0 76.00 345.00 421.00 OK

Check Details

Version: 1.2.0
Check: package dependencies
Result: NOTE
    Imports includes 25 non-default packages.
    Importing from so many packages makes the package vulnerable to any of
    them becoming unavailable. Move as many as possible to Suggests and
    use conditionally.
Flavor: r-devel-linux-x86_64-fedora-clang