CRAN Package Check Results for Package GetLattesData

Last updated on 2022-01-26 05:54:16 CET.

Flavor Version Tinstall Tcheck Ttotal Status Flags
r-devel-linux-x86_64-debian-clang 1.4 2.56 48.93 51.49 NOTE
r-devel-linux-x86_64-debian-gcc 1.4 2.36 37.71 40.07 NOTE
r-devel-linux-x86_64-fedora-clang 1.4 60.70 NOTE
r-devel-linux-x86_64-fedora-gcc 1.4 51.46 NOTE
r-devel-windows-x86_64-new-UL 1.4 55.00 75.00 130.00 NOTE
r-devel-windows-x86_64-new-TK 1.4 NOTE
r-patched-linux-x86_64 1.4 2.37 46.18 48.55 NOTE
r-release-linux-x86_64 1.4 2.93 46.17 49.10 NOTE
r-release-macos-arm64 1.4 NOTE
r-release-macos-x86_64 1.4 NOTE
r-release-windows-ix86+x86_64 1.4 6.00 59.00 65.00 NOTE
r-oldrel-macos-x86_64 1.4 OK
r-oldrel-windows-ix86+x86_64 1.4 7.00 64.00 71.00 OK

Check Details

Version: 1.4
Check: LazyData
Result: NOTE
     'LazyData' is specified without a 'data' directory
Flavors: r-devel-linux-x86_64-debian-clang, r-devel-linux-x86_64-debian-gcc, r-devel-linux-x86_64-fedora-clang, r-devel-linux-x86_64-fedora-gcc, r-devel-windows-x86_64-new-UL, r-devel-windows-x86_64-new-TK, r-patched-linux-x86_64, r-release-linux-x86_64, r-release-macos-arm64, r-release-macos-x86_64, r-release-windows-ix86+x86_64