CRAN Package Check Results for Package GameTheory

Last updated on 2021-09-21 05:51:07 CEST.

Flavor Version Tinstall Tcheck Ttotal Status Flags
r-devel-linux-x86_64-debian-clang 2.7 4.83 54.45 59.28 OK
r-devel-linux-x86_64-debian-gcc 2.7 4.63 41.66 46.29 OK
r-devel-linux-x86_64-fedora-clang 2.7 81.72 OK
r-devel-linux-x86_64-fedora-gcc 2.7 72.13 OK
r-devel-windows-x86_64 2.7 9.00 54.00 63.00 OK
r-devel-windows-x86_64-gcc10-UCRT 2.7 ERROR
r-patched-linux-x86_64 2.7 6.37 52.13 58.50 OK
r-patched-solaris-x86 2.7 104.20 OK
r-release-linux-x86_64 2.7 5.98 52.46 58.44 OK
r-release-macos-arm64 2.7 OK
r-release-macos-x86_64 2.7 OK
r-release-windows-ix86+x86_64 2.7 13.00 75.00 88.00 OK
r-oldrel-macos-x86_64 2.7 OK
r-oldrel-windows-ix86+x86_64 2.7 13.00 52.00 65.00 OK

Check Details

Version: 2.7
Check: whether package can be installed
Result: WARN
    Found the following significant warnings:
     WARNING: installation-time patches will not be applied, could not get the patches index
Flavor: r-devel-windows-x86_64-gcc10-UCRT

Version: 2.7
Check: PDF version of manual
Result: WARN
    LaTeX errors when creating PDF version.
    This typically indicates Rd problems.
Flavor: r-devel-windows-x86_64-gcc10-UCRT

Version: 2.7
Check: PDF version of manual without hyperrefs or index
Result: ERROR
    Re-running with no redirection of stdout/stderr.
Flavor: r-devel-windows-x86_64-gcc10-UCRT