CRAN Package Check Results for Package GREMLINS

Last updated on 2021-08-03 05:52:45 CEST.

Flavor Version Tinstall Tcheck Ttotal Status Flags
r-devel-linux-x86_64-debian-clang 0.2.0 10.88 158.88 169.76 OK
r-devel-linux-x86_64-debian-gcc 0.2.0 9.10 115.34 124.44 OK
r-devel-linux-x86_64-fedora-clang 0.2.0 208.37 NOTE
r-devel-linux-x86_64-fedora-gcc 0.2.0 197.44 NOTE
r-devel-windows-x86_64 0.2.0 11.00 319.00 330.00 OK
r-devel-windows-x86_64-gcc10-UCRT 0.2.0 NOTE
r-patched-linux-x86_64 0.2.0 11.18 149.40 160.58 OK
r-patched-solaris-x86 0.2.0 316.30 NOTE
r-release-linux-x86_64 0.2.0 10.63 149.92 160.55 OK
r-release-macos-arm64 0.2.0 NOTE
r-release-macos-x86_64 0.2.0 NOTE
r-release-windows-ix86+x86_64 0.2.0 23.00 313.00 336.00 OK
r-oldrel-macos-x86_64 0.2.0 NOTE
r-oldrel-windows-ix86+x86_64 0.2.0 18.00 317.00 335.00 OK

Check Details

Version: 0.2.0
Check: dependencies in R code
Result: NOTE
    Namespace in Imports field not imported from: ‘mclust’
     All declared Imports should be used.
Flavors: r-devel-linux-x86_64-fedora-clang, r-devel-linux-x86_64-fedora-gcc, r-devel-windows-x86_64-gcc10-UCRT, r-patched-solaris-x86, r-release-macos-arm64, r-release-macos-x86_64, r-oldrel-macos-x86_64