CRAN Package Check Results for Package GGUM

Last updated on 2021-08-01 05:51:59 CEST.

Flavor Version Tinstall Tcheck Ttotal Status Flags
r-devel-linux-x86_64-debian-clang 0.4-2 14.12 133.69 147.81 NOTE
r-devel-linux-x86_64-debian-gcc 0.4-2 12.22 96.95 109.17 NOTE
r-devel-linux-x86_64-fedora-clang 0.4-2 179.12 NOTE
r-devel-linux-x86_64-fedora-gcc 0.4-2 164.75 NOTE
r-devel-windows-x86_64 0.4-2 15.00 135.00 150.00 NOTE
r-devel-windows-x86_64-gcc10-UCRT 0.4-2 NOTE
r-patched-linux-x86_64 0.4-2 NOTE
r-patched-solaris-x86 0.4-2 202.10 NOTE
r-release-linux-x86_64 0.4-2 15.16 125.80 140.96 NOTE
r-release-macos-arm64 0.4-2 ERROR
r-release-macos-x86_64 0.4-2 NOTE
r-release-windows-ix86+x86_64 0.4-2 26.00 114.00 140.00 NOTE
r-oldrel-macos-x86_64 0.4-2 OK
r-oldrel-windows-ix86+x86_64 0.4-2 20.00 137.00 157.00 OK

Check Details

Version: 0.4-2
Check: LazyData
Result: NOTE
     'LazyData' is specified without a 'data' directory
Flavors: r-devel-linux-x86_64-debian-clang, r-devel-linux-x86_64-debian-gcc, r-devel-linux-x86_64-fedora-clang, r-devel-linux-x86_64-fedora-gcc, r-devel-windows-x86_64, r-devel-windows-x86_64-gcc10-UCRT, r-patched-linux-x86_64, r-patched-solaris-x86, r-release-linux-x86_64, r-release-macos-x86_64, r-release-windows-ix86+x86_64

Version: 0.4-2
Check: whether package can be installed
Result: ERROR
    Installation failed.
Flavor: r-release-macos-arm64