CRAN Package Check Results for Package GGMridge

Last updated on 2021-09-20 05:49:54 CEST.

Flavor Version Tinstall Tcheck Ttotal Status Flags
r-devel-linux-x86_64-debian-clang 1.1 2.68 59.70 62.38 OK
r-devel-linux-x86_64-debian-gcc 1.1 2.32 44.94 47.26 OK
r-devel-linux-x86_64-fedora-clang 1.1 82.50 OK
r-devel-linux-x86_64-fedora-gcc 1.1 71.27 OK
r-devel-windows-x86_64 1.1 4.00 61.00 65.00 OK
r-devel-windows-x86_64-gcc10-UCRT 1.1 ERROR
r-patched-linux-x86_64 1.1 2.78 57.02 59.80 OK
r-patched-solaris-x86 1.1 110.10 OK
r-release-linux-x86_64 1.1 2.74 57.95 60.69 OK
r-release-macos-arm64 1.1 OK
r-release-macos-x86_64 1.1 OK
r-release-windows-ix86+x86_64 1.1 6.00 79.00 85.00 OK
r-oldrel-macos-x86_64 1.1 OK
r-oldrel-windows-ix86+x86_64 1.1 6.00 60.00 66.00 OK

Check Details

Version: 1.1
Check: whether package can be installed
Result: WARN
    Found the following significant warnings:
     WARNING: installation-time patches will not be applied, could not get the patches index
Flavor: r-devel-windows-x86_64-gcc10-UCRT

Version: 1.1
Check: PDF version of manual
Result: WARN
    LaTeX errors when creating PDF version.
    This typically indicates Rd problems.
Flavor: r-devel-windows-x86_64-gcc10-UCRT

Version: 1.1
Check: PDF version of manual without hyperrefs or index
Result: ERROR
    Re-running with no redirection of stdout/stderr.
Flavor: r-devel-windows-x86_64-gcc10-UCRT