CRAN Package Check Results for Package GGMncv

Last updated on 2021-10-18 05:54:20 CEST.

Flavor Version Tinstall Tcheck Ttotal Status Flags
r-devel-linux-x86_64-debian-clang 2.0.0 36.12 67.96 104.08 OK
r-devel-linux-x86_64-debian-gcc 2.0.0 27.42 49.92 77.34 OK
r-devel-linux-x86_64-fedora-clang 2.0.0 144.98 NOTE
r-devel-linux-x86_64-fedora-gcc 2.0.0 128.80 NOTE
r-devel-windows-x86_64 2.0.0 49.00 98.00 147.00 OK
r-devel-windows-x86_64-gcc10-UCRT 2.0.0 NOTE
r-patched-linux-x86_64 2.0.0 31.90 62.40 94.30 OK
r-patched-solaris-x86 2.0.0 145.90 NOTE
r-release-linux-x86_64 2.0.0 34.93 62.78 97.71 OK
r-release-macos-arm64 2.0.0 NOTE
r-release-macos-x86_64 2.0.0 NOTE
r-release-windows-ix86+x86_64 2.0.0 67.00 133.00 200.00 OK
r-oldrel-macos-x86_64 2.0.0 NOTE
r-oldrel-windows-ix86+x86_64 2.0.0 89.00 145.00 234.00 OK

Check Details

Version: 2.0.0
Check: dependencies in R code
Result: NOTE
    Namespaces in Imports field not imported from:
     ‘Rdpack’ ‘mathjaxr’
     All declared Imports should be used.
Flavors: r-devel-linux-x86_64-fedora-clang, r-devel-linux-x86_64-fedora-gcc, r-devel-windows-x86_64-gcc10-UCRT, r-patched-solaris-x86, r-release-macos-arm64, r-release-macos-x86_64, r-oldrel-macos-x86_64