CRAN Package Check Results for Package GDINA

Last updated on 2021-10-19 05:51:01 CEST.

Flavor Version Tinstall Tcheck Ttotal Status Flags
r-devel-linux-x86_64-debian-clang 2.8.7 225.32 111.79 337.11 OK
r-devel-linux-x86_64-debian-gcc 2.8.7 174.86 82.41 257.27 OK
r-devel-linux-x86_64-fedora-clang 2.8.7 525.14 NOTE
r-devel-linux-x86_64-fedora-gcc 2.8.7 465.53 OK
r-devel-windows-x86_64 2.8.7 316.00 152.00 468.00 OK
r-devel-windows-x86_64-gcc10-UCRT 2.8.7 OK
r-patched-linux-x86_64 2.8.7 206.29 106.02 312.31 OK
r-patched-solaris-x86 2.8.7 427.90 OK
r-release-linux-x86_64 2.8.7 204.44 105.33 309.77 OK
r-release-macos-arm64 2.8.7 NOTE
r-release-macos-x86_64 2.8.7 NOTE
r-release-windows-ix86+x86_64 2.8.7 461.00 183.00 644.00 OK
r-oldrel-macos-x86_64 2.8.7 NOTE
r-oldrel-windows-ix86+x86_64 2.8.7 590.00 200.00 790.00 OK

Check Details

Version: 2.8.7
Check: installed package size
Result: NOTE
     installed size is 12.8Mb
     sub-directories of 1Mb or more:
     libs 11.8Mb
Flavors: r-devel-linux-x86_64-fedora-clang, r-release-macos-arm64, r-release-macos-x86_64, r-oldrel-macos-x86_64