CRAN Package Check Results for Package FrF2

Last updated on 2021-08-03 05:52:43 CEST.

Flavor Version Tinstall Tcheck Ttotal Status Flags
r-devel-linux-x86_64-debian-clang 2.2-2 19.04 159.07 178.11 NOTE
r-devel-linux-x86_64-debian-gcc 2.2-2 12.28 113.54 125.82 NOTE
r-devel-linux-x86_64-fedora-clang 2.2-2 211.73 NOTE
r-devel-linux-x86_64-fedora-gcc 2.2-2 200.55 NOTE
r-devel-windows-x86_64 2.2-2 22.00 186.00 208.00 NOTE
r-devel-windows-x86_64-gcc10-UCRT 2.2-2 NOTE
r-patched-linux-x86_64 2.2-2 17.34 148.73 166.07 NOTE
r-patched-solaris-x86 2.2-2 244.80 NOTE
r-release-linux-x86_64 2.2-2 16.08 149.54 165.62 NOTE
r-release-macos-arm64 2.2-2 NOTE
r-release-macos-x86_64 2.2-2 NOTE
r-release-windows-ix86+x86_64 2.2-2 27.00 138.00 165.00 NOTE
r-oldrel-macos-x86_64 2.2-2 OK
r-oldrel-windows-ix86+x86_64 2.2-2 18.00 182.00 200.00 OK

Check Details

Version: 2.2-2
Check: LazyData
Result: NOTE
     'LazyData' is specified without a 'data' directory
Flavors: r-devel-linux-x86_64-debian-clang, r-devel-linux-x86_64-debian-gcc, r-devel-linux-x86_64-fedora-clang, r-devel-linux-x86_64-fedora-gcc, r-devel-windows-x86_64, r-devel-windows-x86_64-gcc10-UCRT, r-patched-linux-x86_64, r-patched-solaris-x86, r-release-linux-x86_64, r-release-macos-arm64, r-release-macos-x86_64, r-release-windows-ix86+x86_64

Version: 2.2-2
Check: Rd cross-references
Result: NOTE
    Undeclared package ‘DoE.wrapper’ in Rd xrefs
Flavor: r-devel-linux-x86_64-fedora-clang