CRAN Package Check Results for Package FrF2.catlg128

Last updated on 2022-12-01 05:56:46 CET.

Flavor Version Tinstall Tcheck Ttotal Status Flags
r-devel-linux-x86_64-debian-clang 1.2-2 97.40 89.74 187.14 OK
r-devel-linux-x86_64-debian-gcc 1.2-2 76.35 69.73 146.08 OK
r-devel-linux-x86_64-fedora-clang 1.2-2 257.77 NOTE
r-devel-linux-x86_64-fedora-gcc 1.2-2 259.58 OK
r-devel-windows-x86_64 1.2-2 83.00 116.00 199.00 NOTE
r-patched-linux-x86_64 1.2-2 93.88 86.35 180.23 OK
r-release-linux-x86_64 1.2-2 87.36 86.69 174.05 OK
r-release-macos-arm64 1.2-2 89.00 NOTE
r-release-macos-x86_64 1.2-2 104.00 NOTE
r-release-windows-x86_64 1.2-2 85.00 117.00 202.00 NOTE
r-oldrel-macos-arm64 1.2-2 105.00 NOTE
r-oldrel-macos-x86_64 1.2-2 102.00 NOTE
r-oldrel-windows-ix86+x86_64 1.2-2 140.00 118.00 258.00 NOTE

Check Details

Version: 1.2-2
Check: installed package size
Result: NOTE
     installed size is 5.8Mb
     sub-directories of 1Mb or more:
     R 5.7Mb
Flavors: r-devel-linux-x86_64-fedora-clang, r-devel-windows-x86_64, r-release-macos-arm64, r-release-macos-x86_64, r-release-windows-x86_64, r-oldrel-macos-arm64, r-oldrel-macos-x86_64, r-oldrel-windows-ix86+x86_64