CRAN Package Check Results for Package FisHiCal

Last updated on 2021-07-31 05:51:45 CEST.

Flavor Version Tinstall Tcheck Ttotal Status Flags
r-devel-linux-x86_64-debian-clang 1.1 30.17 40.55 70.72 NOTE
r-devel-linux-x86_64-debian-gcc 1.1 19.58 31.17 50.75 NOTE
r-devel-linux-x86_64-fedora-clang 1.1 97.25 NOTE
r-devel-linux-x86_64-fedora-gcc 1.1 83.91 NOTE
r-devel-windows-x86_64 1.1 28.00 68.00 96.00 NOTE
r-devel-windows-x86_64-gcc10-UCRT 1.1 NOTE
r-patched-linux-x86_64 1.1 NOTE
r-patched-solaris-x86 1.1 103.30 NOTE
r-release-linux-x86_64 1.1 21.48 38.80 60.28 NOTE
r-release-macos-arm64 1.1 NOTE
r-release-macos-x86_64 1.1 NOTE
r-release-windows-ix86+x86_64 1.1 66.00 67.00 133.00 NOTE
r-oldrel-macos-x86_64 1.1 NOTE
r-oldrel-windows-ix86+x86_64 1.1 46.00 87.00 133.00 NOTE

Check Details

Version: 1.1
Check: R code for possible problems
Result: NOTE
    lsmacof: no visible global function definition for 'cmdscale'
    plotInc: no visible global function definition for 'rainbow'
    prepareCalib: no visible global function definition for 'lm'
    Undefined global functions or variables:
     cmdscale lm rainbow
    Consider adding
     importFrom("grDevices", "rainbow")
     importFrom("stats", "cmdscale", "lm")
    to your NAMESPACE file.
Flavors: r-devel-linux-x86_64-debian-clang, r-devel-linux-x86_64-debian-gcc, r-devel-linux-x86_64-fedora-clang, r-devel-linux-x86_64-fedora-gcc, r-devel-windows-x86_64, r-devel-windows-x86_64-gcc10-UCRT, r-patched-linux-x86_64, r-patched-solaris-x86, r-release-linux-x86_64, r-release-macos-arm64, r-release-macos-x86_64, r-release-windows-ix86+x86_64, r-oldrel-macos-x86_64, r-oldrel-windows-ix86+x86_64

Version: 1.1
Check: compiled code
Result: NOTE
    File ‘FisHiCal/libs/FisHiCal.so’:
     Found no calls to: ‘R_registerRoutines’, ‘R_useDynamicSymbols’
    
    It is good practice to register native routines and to disable symbol
    search.
    
    See ‘Writing portable packages’ in the ‘Writing R Extensions’ manual.
Flavors: r-devel-linux-x86_64-fedora-clang, r-devel-linux-x86_64-fedora-gcc