CRAN Package Check Results for Package FateID

Last updated on 2021-09-21 05:51:05 CEST.

Flavor Version Tinstall Tcheck Ttotal Status Flags
r-devel-linux-x86_64-debian-clang 0.2.0 11.39 154.15 165.54 OK
r-devel-linux-x86_64-debian-gcc 0.2.0 8.80 114.85 123.65 OK
r-devel-linux-x86_64-fedora-clang 0.2.0 200.24 OK
r-devel-linux-x86_64-fedora-gcc 0.2.0 189.39 OK
r-devel-windows-x86_64 0.2.0 13.00 140.00 153.00 OK
r-devel-windows-x86_64-gcc10-UCRT 0.2.0 ERROR
r-patched-linux-x86_64 0.2.0 10.84 145.84 156.68 OK
r-patched-solaris-x86 0.2.0 226.20 OK
r-release-linux-x86_64 0.2.0 10.09 147.88 157.97 OK
r-release-macos-arm64 0.2.0 NOTE
r-release-macos-x86_64 0.2.0 OK
r-release-windows-ix86+x86_64 0.2.0 24.00 181.00 205.00 OK
r-oldrel-macos-x86_64 0.2.0 OK
r-oldrel-windows-ix86+x86_64 0.2.0 22.00 180.00 202.00 OK

Check Details

Version: 0.2.0
Check: whether package can be installed
Result: WARN
    Found the following significant warnings:
     WARNING: installation-time patches will not be applied, could not get the patches index
Flavor: r-devel-windows-x86_64-gcc10-UCRT

Version: 0.2.0
Check: PDF version of manual
Result: WARN
    LaTeX errors when creating PDF version.
    This typically indicates Rd problems.
Flavor: r-devel-windows-x86_64-gcc10-UCRT

Version: 0.2.0
Check: PDF version of manual without hyperrefs or index
Result: ERROR
    Re-running with no redirection of stdout/stderr.
Flavor: r-devel-windows-x86_64-gcc10-UCRT

Version: 0.2.0
Check: package dependencies
Result: NOTE
    Package suggested but not available for checking: ‘DESeq2’
Flavor: r-release-macos-arm64