CRAN Package Check Results for Package EnvNJ

Last updated on 2021-09-20 05:49:50 CEST.

Flavor Version Tinstall Tcheck Ttotal Status Flags
r-devel-linux-x86_64-debian-clang 0.1.2 4.25 243.38 247.63 OK
r-devel-linux-x86_64-debian-gcc 0.1.2 3.23 168.27 171.50 OK
r-devel-linux-x86_64-fedora-clang 0.1.2 311.01 OK
r-devel-linux-x86_64-fedora-gcc 0.1.2 282.90 OK
r-devel-windows-x86_64 0.1.2 5.00 212.00 217.00 OK
r-devel-windows-x86_64-gcc10-UCRT 0.1.2 ERROR
r-patched-linux-x86_64 0.1.2 4.15 229.26 233.41 OK
r-patched-solaris-x86 0.1.2 378.70 OK
r-release-linux-x86_64 0.1.2 4.29 235.66 239.95 OK
r-release-macos-arm64 0.1.2 OK
r-release-macos-x86_64 0.1.2 OK
r-release-windows-ix86+x86_64 0.1.2 9.00 268.00 277.00 OK
r-oldrel-macos-x86_64 0.1.2 OK
r-oldrel-windows-ix86+x86_64 0.1.2 9.00 211.00 220.00 OK

Check Details

Version: 0.1.2
Check: whether package can be installed
Result: WARN
    Found the following significant warnings:
     WARNING: installation-time patches will not be applied, could not get the patches index
Flavor: r-devel-windows-x86_64-gcc10-UCRT

Version: 0.1.2
Check: PDF version of manual
Result: WARN
    LaTeX errors when creating PDF version.
    This typically indicates Rd problems.
Flavor: r-devel-windows-x86_64-gcc10-UCRT

Version: 0.1.2
Check: PDF version of manual without hyperrefs or index
Result: ERROR
    Re-running with no redirection of stdout/stderr.
Flavor: r-devel-windows-x86_64-gcc10-UCRT