CRAN Package Check Results for Package EDOIF

Last updated on 2021-08-04 05:52:31 CEST.

Flavor Version Tinstall Tcheck Ttotal Status Flags
r-devel-linux-x86_64-debian-clang 0.1.3 6.65 103.38 110.03 OK
r-devel-linux-x86_64-debian-gcc 0.1.3 5.91 75.97 81.88 OK
r-devel-linux-x86_64-fedora-clang 0.1.3 137.28 OK
r-devel-linux-x86_64-fedora-gcc 0.1.3 126.25 OK
r-devel-windows-x86_64 0.1.3 9.00 128.00 137.00 OK
r-devel-windows-x86_64-gcc10-UCRT 0.1.3 OK
r-patched-linux-x86_64 0.1.3 8.23 96.24 104.47 OK
r-patched-solaris-x86 0.1.3 200.40 OK
r-release-linux-x86_64 0.1.3 6.92 96.29 103.21 OK
r-release-macos-arm64 0.1.3 WARN
r-release-macos-x86_64 0.1.3 OK
r-release-windows-ix86+x86_64 0.1.3 19.00 121.00 140.00 OK
r-oldrel-macos-x86_64 0.1.3 OK
r-oldrel-windows-ix86+x86_64 0.1.3 15.00 125.00 140.00 OK

Check Details

Version: 0.1.3
Check: re-building of vignette outputs
Result: WARN
    Error(s) in re-building vignettes:
     ...
    --- re-building ‘EDOIF_demo.Rmd’ using knitr
    Quitting from lines 54-55 (EDOIF_demo.Rmd)
    Error: processing vignette 'EDOIF_demo.Rmd' failed with diagnostics:
    polygon edge not found
    --- failed re-building ‘EDOIF_demo.Rmd’
    
    SUMMARY: processing the following file failed:
     ‘EDOIF_demo.Rmd’
    
    Error: Vignette re-building failed.
    Execution halted
Flavor: r-release-macos-arm64