CRAN Package Check Results for Package DynComm

Last updated on 2021-07-31 05:51:43 CEST.

Flavor Version Tinstall Tcheck Ttotal Status Flags
r-devel-linux-x86_64-debian-clang 2020.1.6 39.65 56.55 96.20 OK
r-devel-linux-x86_64-debian-gcc 2020.1.6 38.72 43.80 82.52 OK
r-devel-linux-x86_64-fedora-clang 2020.1.6 146.61 OK
r-devel-linux-x86_64-fedora-gcc 2020.1.6 137.72 OK
r-devel-windows-x86_64 2020.1.6 33.00 87.00 120.00 OK
r-devel-windows-x86_64-gcc10-UCRT 2020.1.6 OK
r-patched-linux-x86_64 2020.1.6 OK
r-patched-solaris-x86 2020.1.6 143.50 OK
r-release-linux-x86_64 2020.1.6 39.70 54.88 94.58 OK
r-release-macos-arm64 2020.1.6 NOTE
r-release-macos-x86_64 2020.1.6 NOTE
r-release-windows-ix86+x86_64 2020.1.6 92.00 87.00 179.00 OK
r-oldrel-macos-x86_64 2020.1.6 NOTE
r-oldrel-windows-ix86+x86_64 2020.1.6 64.00 120.00 184.00 OK

Check Details

Version: 2020.1.6
Check: installed package size
Result: NOTE
     installed size is 7.4Mb
     sub-directories of 1Mb or more:
     libs 7.2Mb
Flavors: r-release-macos-arm64, r-release-macos-x86_64, r-oldrel-macos-x86_64