CRAN Package Check Results for Package DGCA

Last updated on 2021-08-03 05:52:40 CEST.

Flavor Version Tinstall Tcheck Ttotal Status Flags
r-devel-linux-x86_64-debian-clang 1.0.2 28.11 276.91 305.02 OK
r-devel-linux-x86_64-debian-gcc 1.0.2 24.00 210.34 234.34 OK
r-devel-linux-x86_64-fedora-clang 1.0.2 373.22 OK
r-devel-linux-x86_64-fedora-gcc 1.0.2 354.50 OK
r-devel-windows-x86_64 1.0.2 43.00 262.00 305.00 NOTE
r-devel-windows-x86_64-gcc10-UCRT 1.0.2 NOTE
r-patched-linux-x86_64 1.0.2 24.84 261.16 286.00 OK
r-patched-solaris-x86 1.0.2 492.90 OK
r-release-linux-x86_64 1.0.2 26.60 265.05 291.65 OK
r-release-macos-arm64 1.0.2 ERROR
r-release-macos-x86_64 1.0.2 ERROR
r-release-windows-ix86+x86_64 1.0.2 62.00 289.00 351.00 NOTE
r-oldrel-macos-x86_64 1.0.2 OK
r-oldrel-windows-ix86+x86_64 1.0.2 43.00 262.00 305.00 NOTE

Check Details

Version: 1.0.2
Check: package dependencies
Result: NOTE
    Package suggested but not available for checking: 'doMC'
Flavors: r-devel-windows-x86_64, r-devel-windows-x86_64-gcc10-UCRT, r-release-windows-ix86+x86_64, r-oldrel-windows-ix86+x86_64

Version: 1.0.2
Check: package dependencies
Result: ERROR
    Package required but not available: ‘WGCNA’
    
    Packages suggested but not available for checking:
     'GOstats', 'org.Hs.eg.db'
    
    See section ‘The DESCRIPTION file’ in the ‘Writing R Extensions’
    manual.
Flavor: r-release-macos-arm64

Version: 1.0.2
Check: package dependencies
Result: ERROR
    Package required but not available: ‘WGCNA’
    
    Package suggested but not available for checking: ‘org.Hs.eg.db’
    
    See section ‘The DESCRIPTION file’ in the ‘Writing R Extensions’
    manual.
Flavor: r-release-macos-x86_64