CRAN Package Check Results for Package DCPO

Last updated on 2021-10-27 05:55:05 CEST.

Flavor Version Tinstall Tcheck Ttotal Status Flags
r-devel-linux-x86_64-debian-clang 0.5.3 305.54 104.16 409.70 NOTE
r-devel-linux-x86_64-debian-gcc 0.5.3 237.96 88.91 326.87 NOTE
r-devel-linux-x86_64-fedora-clang 0.5.3 627.99 NOTE
r-devel-linux-x86_64-fedora-gcc 0.5.3 565.84 NOTE
r-devel-windows-x86_64 0.5.3 318.00 165.00 483.00 NOTE
r-devel-windows-x86_64-gcc10-UCRT 0.5.3 WARN
r-patched-linux-x86_64 0.5.3 244.74 109.21 353.95 NOTE
r-patched-solaris-x86 0.5.3 567.80 NOTE
r-release-linux-x86_64 0.5.3 218.72 110.34 329.06 NOTE
r-release-macos-arm64 0.5.3 NOTE
r-release-macos-x86_64 0.5.3 NOTE
r-release-windows-ix86+x86_64 0.5.3 446.00 213.00 659.00 NOTE
r-oldrel-macos-x86_64 0.5.3 NOTE
r-oldrel-windows-ix86+x86_64 0.5.3 631.00 232.00 863.00 NOTE

Check Details

Version: 0.5.3
Check: for GNU extensions in Makefiles
Result: NOTE
    GNU make is a SystemRequirements.
Flavors: r-devel-linux-x86_64-debian-clang, r-devel-linux-x86_64-debian-gcc, r-devel-linux-x86_64-fedora-clang, r-devel-linux-x86_64-fedora-gcc, r-devel-windows-x86_64, r-devel-windows-x86_64-gcc10-UCRT, r-patched-linux-x86_64, r-patched-solaris-x86, r-release-linux-x86_64, r-release-macos-arm64, r-release-macos-x86_64, r-release-windows-ix86+x86_64, r-oldrel-macos-x86_64, r-oldrel-windows-ix86+x86_64

Version: 0.5.3
Check: installed package size
Result: NOTE
     installed size is 46.0Mb
     sub-directories of 1Mb or more:
     libs 45.5Mb
Flavors: r-devel-linux-x86_64-fedora-clang, r-release-macos-arm64, r-release-macos-x86_64, r-release-windows-ix86+x86_64, r-oldrel-macos-x86_64, r-oldrel-windows-ix86+x86_64

Version: 0.5.3
Check: data for non-ASCII characters
Result: NOTE
     Note: found 38 marked UTF-8 strings
Flavors: r-devel-linux-x86_64-fedora-clang, r-devel-linux-x86_64-fedora-gcc, r-devel-windows-x86_64-gcc10-UCRT, r-patched-solaris-x86, r-release-macos-arm64, r-release-macos-x86_64, r-oldrel-macos-x86_64

Version: 0.5.3
Check: line endings in C/C++/Fortran sources/headers
Result: NOTE
    Found the following sources/headers with CR or CRLF line endings:
     src/RcppExports.cpp
     src/stanExports_dcpo.h
     src/stanExports_dcpo_kfold.h
    Some Unix compilers require LF line endings.
Flavor: r-devel-windows-x86_64-gcc10-UCRT

Version: 0.5.3
Check: line endings in Makefiles
Result: WARN
    Found the following Makefile(s) with CR or CRLF line endings:
     src/Makevars
    Some Unix 'make' programs require LF line endings.
Flavor: r-devel-windows-x86_64-gcc10-UCRT