CRAN Package Check Results for Package CondIndTests

Last updated on 2021-10-27 05:55:04 CEST.

Flavor Version Tinstall Tcheck Ttotal Status Flags
r-devel-linux-x86_64-debian-clang 0.1.5 11.42 348.92 360.34 NOTE
r-devel-linux-x86_64-debian-gcc 0.1.5 9.07 268.89 277.96 NOTE
r-devel-linux-x86_64-fedora-clang 0.1.5 423.64 NOTE
r-devel-linux-x86_64-fedora-gcc 0.1.5 418.30 NOTE
r-devel-windows-x86_64 0.1.5 18.00 412.00 430.00 NOTE
r-devel-windows-x86_64-gcc10-UCRT 0.1.5 NOTE
r-patched-linux-x86_64 0.1.5 10.24 322.88 333.12 NOTE
r-patched-solaris-x86 0.1.5 756.70 NOTE
r-release-linux-x86_64 0.1.5 11.56 343.10 354.66 NOTE
r-release-macos-arm64 0.1.5 NOTE
r-release-macos-x86_64 0.1.5 NOTE
r-release-windows-ix86+x86_64 0.1.5 16.00 407.00 423.00 NOTE
r-oldrel-macos-x86_64 0.1.5 OK
r-oldrel-windows-ix86+x86_64 0.1.5 25.00 458.00 483.00 OK

Check Details

Version: 0.1.5
Check: LazyData
Result: NOTE
     'LazyData' is specified without a 'data' directory
Flavors: r-devel-linux-x86_64-debian-clang, r-devel-linux-x86_64-debian-gcc, r-devel-linux-x86_64-fedora-clang, r-devel-linux-x86_64-fedora-gcc, r-devel-windows-x86_64, r-devel-windows-x86_64-gcc10-UCRT, r-patched-linux-x86_64, r-patched-solaris-x86, r-release-linux-x86_64, r-release-macos-arm64, r-release-macos-x86_64, r-release-windows-ix86+x86_64