CRAN Package Check Results for Package CompareCausalNetworks

Last updated on 2021-09-26 05:51:03 CEST.

Flavor Version Tinstall Tcheck Ttotal Status Flags
r-devel-linux-x86_64-debian-clang 0.2.6.2 11.65 115.12 126.77 NOTE
r-devel-linux-x86_64-debian-gcc 0.2.6.2 8.96 88.03 96.99 NOTE
r-devel-linux-x86_64-fedora-clang 0.2.6.2 NOTE
r-devel-linux-x86_64-fedora-gcc 0.2.6.2 152.44 NOTE
r-devel-windows-x86_64 0.2.6.2 13.00 97.00 110.00 OK
r-devel-windows-x86_64-gcc10-UCRT 0.2.6.2 NOTE
r-patched-linux-x86_64 0.2.6.2 12.14 109.01 121.15 NOTE
r-patched-solaris-x86 0.2.6.2 202.60 NOTE
r-release-linux-x86_64 0.2.6.2 10.56 112.12 122.68 NOTE
r-release-macos-arm64 0.2.6.2 NOTE
r-release-macos-x86_64 0.2.6.2 NOTE
r-release-windows-ix86+x86_64 0.2.6.2 22.00 137.00 159.00 OK
r-oldrel-macos-x86_64 0.2.6.2 NOTE
r-oldrel-windows-ix86+x86_64 0.2.6.2 16.00 99.00 115.00 OK

Check Details

Version: 0.2.6.2
Check: package dependencies
Result: NOTE
    Package suggested but not available for checking: 'CAM'
Flavors: r-devel-linux-x86_64-debian-clang, r-devel-linux-x86_64-debian-gcc, r-devel-linux-x86_64-fedora-clang, r-devel-linux-x86_64-fedora-gcc, r-devel-windows-x86_64-gcc10-UCRT, r-patched-linux-x86_64, r-patched-solaris-x86, r-release-linux-x86_64, r-release-macos-x86_64

Version: 0.2.6.2
Check: package dependencies
Result: NOTE
    Packages suggested but not available for checking: 'pcalg', 'CAM'
Flavor: r-release-macos-arm64

Version: 0.2.6.2
Check: package dependencies
Result: NOTE
    Packages suggested but not available for checking: 'CAM', 'flare'
Flavor: r-oldrel-macos-x86_64