CRAN Package Check Results for Package Ckmeans.1d.dp

Last updated on 2021-09-23 05:51:13 CEST.

Flavor Version Tinstall Tcheck Ttotal Status Flags
r-devel-linux-x86_64-debian-clang 4.3.3 60.37 61.18 121.55 NOTE
r-devel-linux-x86_64-debian-gcc 4.3.3 36.04 45.94 81.98 NOTE
r-devel-linux-x86_64-fedora-clang 4.3.3 173.74 NOTE
r-devel-linux-x86_64-fedora-gcc 4.3.3 140.83 NOTE
r-devel-windows-x86_64 4.3.3 54.00 80.00 134.00 NOTE
r-devel-windows-x86_64-gcc10-UCRT 4.3.3 ERROR
r-patched-linux-x86_64 4.3.3 44.40 59.84 104.24 NOTE
r-patched-solaris-x86 4.3.3 157.70 NOTE
r-release-linux-x86_64 4.3.3 41.96 59.34 101.30 NOTE
r-release-macos-arm64 4.3.3 NOTE
r-release-macos-x86_64 4.3.3 NOTE
r-release-windows-ix86+x86_64 4.3.3 136.00 133.00 269.00 NOTE
r-oldrel-macos-x86_64 4.3.3 OK
r-oldrel-windows-ix86+x86_64 4.3.3 102.00 103.00 205.00 OK

Check Details

Version: 4.3.3
Check: LazyData
Result: NOTE
     'LazyData' is specified without a 'data' directory
Flavors: r-devel-linux-x86_64-debian-clang, r-devel-linux-x86_64-debian-gcc, r-devel-linux-x86_64-fedora-clang, r-devel-linux-x86_64-fedora-gcc, r-devel-windows-x86_64, r-patched-linux-x86_64, r-patched-solaris-x86, r-release-linux-x86_64, r-release-macos-arm64, r-release-macos-x86_64, r-release-windows-ix86+x86_64

Version: 4.3.3
Check: whether package can be installed
Result: ERROR
    Installation failed.
Flavor: r-devel-windows-x86_64-gcc10-UCRT