CRAN Package Check Results for Package CascadeData

Last updated on 2021-09-21 05:50:56 CEST.

Flavor Version Tinstall Tcheck Ttotal Status Flags
r-devel-linux-x86_64-debian-clang 1.3 2.07 22.66 24.73 OK
r-devel-linux-x86_64-debian-gcc 1.3 1.68 18.29 19.97 OK
r-devel-linux-x86_64-fedora-clang 1.3 39.26 OK
r-devel-linux-x86_64-fedora-gcc 1.3 28.55 OK
r-devel-windows-x86_64 1.3 4.00 26.00 30.00 OK
r-devel-windows-x86_64-gcc10-UCRT 1.3 ERROR
r-patched-linux-x86_64 1.3 2.09 22.52 24.61 OK
r-patched-solaris-x86 1.3 46.30 OK
r-release-linux-x86_64 1.3 1.63 22.29 23.92 OK
r-release-macos-arm64 1.3 OK
r-release-macos-x86_64 1.3 OK
r-release-windows-ix86+x86_64 1.3 5.00 33.00 38.00 OK
r-oldrel-macos-x86_64 1.3 OK
r-oldrel-windows-ix86+x86_64 1.3 4.00 28.00 32.00 OK

Check Details

Version: 1.3
Check: whether package can be installed
Result: WARN
    Found the following significant warnings:
     WARNING: installation-time patches will not be applied, could not get the patches index
Flavor: r-devel-windows-x86_64-gcc10-UCRT

Version: 1.3
Check: PDF version of manual
Result: WARN
    LaTeX errors when creating PDF version.
    This typically indicates Rd problems.
Flavor: r-devel-windows-x86_64-gcc10-UCRT

Version: 1.3
Check: PDF version of manual without hyperrefs or index
Result: ERROR
    Re-running with no redirection of stdout/stderr.
Flavor: r-devel-windows-x86_64-gcc10-UCRT