CRAN Package Check Results for Package CPAT

Last updated on 2021-08-04 05:52:28 CEST.

Flavor Version Tinstall Tcheck Ttotal Status Flags
r-devel-linux-x86_64-debian-clang 0.1.0 37.52 91.18 128.70 OK
r-devel-linux-x86_64-debian-gcc 0.1.0 25.47 55.88 81.35 OK
r-devel-linux-x86_64-fedora-clang 0.1.0 176.29 NOTE
r-devel-linux-x86_64-fedora-gcc 0.1.0 139.07 NOTE
r-devel-windows-x86_64 0.1.0 40.00 106.00 146.00 OK
r-devel-windows-x86_64-gcc10-UCRT 0.1.0 NOTE
r-patched-linux-x86_64 0.1.0 33.27 72.75 106.02 OK
r-patched-solaris-x86 0.1.0 190.50 NOTE
r-release-linux-x86_64 0.1.0 31.67 74.63 106.30 OK
r-release-macos-arm64 0.1.0 NOTE
r-release-macos-x86_64 0.1.0 NOTE
r-release-windows-ix86+x86_64 0.1.0 92.00 159.00 251.00 OK
r-oldrel-macos-x86_64 0.1.0 NOTE
r-oldrel-windows-ix86+x86_64 0.1.0 69.00 191.00 260.00 OK

Check Details

Version: 0.1.0
Check: dependencies in R code
Result: NOTE
    Namespaces in Imports field not imported from:
     ‘Rdpack’ ‘grDevices’
     All declared Imports should be used.
Flavors: r-devel-linux-x86_64-fedora-clang, r-devel-linux-x86_64-fedora-gcc, r-devel-windows-x86_64-gcc10-UCRT, r-patched-solaris-x86, r-release-macos-arm64, r-release-macos-x86_64, r-oldrel-macos-x86_64