CRAN Package Check Results for Package COUSCOus

Last updated on 2021-09-20 05:49:45 CEST.

Flavor Version Tinstall Tcheck Ttotal Status Flags
r-devel-linux-x86_64-debian-clang 1.0.0 4.21 33.60 37.81 OK
r-devel-linux-x86_64-debian-gcc 1.0.0 3.14 26.57 29.71 OK
r-devel-linux-x86_64-fedora-clang 1.0.0 55.27 NOTE
r-devel-linux-x86_64-fedora-gcc 1.0.0 43.76 NOTE
r-devel-windows-x86_64 1.0.0 9.00 41.00 50.00 OK
r-devel-windows-x86_64-gcc10-UCRT 1.0.0 ERROR
r-patched-linux-x86_64 1.0.0 3.74 33.26 37.00 OK
r-patched-solaris-x86 1.0.0 72.60 OK
r-release-linux-x86_64 1.0.0 3.96 33.00 36.96 OK
r-release-macos-arm64 1.0.0 OK
r-release-macos-x86_64 1.0.0 OK
r-release-windows-ix86+x86_64 1.0.0 14.00 65.00 79.00 OK
r-oldrel-macos-x86_64 1.0.0 OK
r-oldrel-windows-ix86+x86_64 1.0.0 15.00 51.00 66.00 OK

Check Details

Version: 1.0.0
Check: compiled code
Result: NOTE
    File ‘COUSCOus/libs/COUSCOus.so’:
     Found no calls to: ‘R_registerRoutines’, ‘R_useDynamicSymbols’
    
    It is good practice to register native routines and to disable symbol
    search.
    
    See ‘Writing portable packages’ in the ‘Writing R Extensions’ manual.
Flavors: r-devel-linux-x86_64-fedora-clang, r-devel-linux-x86_64-fedora-gcc

Version: 1.0.0
Check: whether package can be installed
Result: ERROR
    Installation failed.
Flavor: r-devel-windows-x86_64-gcc10-UCRT