CRAN Package Check Results for Package CITAN

Last updated on 2021-09-20 05:49:43 CEST.

Flavor Version Tinstall Tcheck Ttotal Status Flags
r-devel-linux-x86_64-debian-clang 2015.12-2 9.06 62.20 71.26 OK
r-devel-linux-x86_64-debian-gcc 2015.12-2 6.96 47.51 54.47 OK
r-devel-linux-x86_64-fedora-clang 2015.12-2 92.55 OK
r-devel-linux-x86_64-fedora-gcc 2015.12-2 84.39 OK
r-devel-windows-x86_64 2015.12-2 9.00 61.00 70.00 OK
r-devel-windows-x86_64-gcc10-UCRT 2015.12-2 ERROR
r-patched-linux-x86_64 2015.12-2 12.51 59.28 71.79 OK
r-patched-solaris-x86 2015.12-2 114.50 OK
r-release-linux-x86_64 2015.12-2 7.68 60.22 67.90 OK
r-release-macos-arm64 2015.12-2 ERROR
r-release-macos-x86_64 2015.12-2 OK
r-release-windows-ix86+x86_64 2015.12-2 18.00 82.00 100.00 OK
r-oldrel-macos-x86_64 2015.12-2 OK
r-oldrel-windows-ix86+x86_64 2015.12-2 16.00 62.00 78.00 OK

Check Details

Version: 2015.12-2
Check: whether package can be installed
Result: WARN
    Found the following significant warnings:
     WARNING: installation-time patches will not be applied, could not get the patches index
Flavor: r-devel-windows-x86_64-gcc10-UCRT

Version: 2015.12-2
Check: PDF version of manual
Result: WARN
    LaTeX errors when creating PDF version.
    This typically indicates Rd problems.
Flavor: r-devel-windows-x86_64-gcc10-UCRT

Version: 2015.12-2
Check: PDF version of manual without hyperrefs or index
Result: ERROR
    Re-running with no redirection of stdout/stderr.
Flavor: r-devel-windows-x86_64-gcc10-UCRT

Version: 2015.12-2
Check: package dependencies
Result: ERROR
    Package required but not available: ‘RGtk2’
    
    See section ‘The DESCRIPTION file’ in the ‘Writing R Extensions’
    manual.
Flavor: r-release-macos-arm64