CRAN Package Check Results for Package C443

Last updated on 2021-08-01 05:51:51 CEST.

Flavor Version Tinstall Tcheck Ttotal Status Flags
r-devel-linux-x86_64-debian-clang 3.2.1 11.93 125.27 137.20 OK
r-devel-linux-x86_64-debian-gcc 3.2.1 9.38 91.62 101.00 OK
r-devel-linux-x86_64-fedora-clang 3.2.1 171.63 NOTE
r-devel-linux-x86_64-fedora-gcc 3.2.1 156.16 NOTE
r-devel-windows-x86_64 3.2.1 25.00 129.00 154.00 OK
r-devel-windows-x86_64-gcc10-UCRT 3.2.1 NOTE
r-patched-linux-x86_64 3.2.1 OK
r-patched-solaris-x86 3.2.1 218.90 NOTE
r-release-linux-x86_64 3.2.1 11.15 115.52 126.67 OK
r-release-macos-arm64 3.2.1 NOTE
r-release-macos-x86_64 3.2.1 NOTE
r-release-windows-ix86+x86_64 3.2.1 27.00 108.00 135.00 OK
r-oldrel-macos-x86_64 3.2.1 NOTE
r-oldrel-windows-ix86+x86_64 3.2.1 18.00 147.00 165.00 OK

Check Details

Version: 3.2.1
Check: dependencies in R code
Result: NOTE
    Namespaces in Imports field not imported from:
     ‘qgraph’ ‘reshape2’
     All declared Imports should be used.
Flavors: r-devel-linux-x86_64-fedora-clang, r-devel-linux-x86_64-fedora-gcc, r-devel-windows-x86_64-gcc10-UCRT, r-patched-solaris-x86, r-release-macos-arm64, r-release-macos-x86_64, r-oldrel-macos-x86_64