CRAN Package Check Results for Package BayesSUR

Last updated on 2021-08-04 05:52:23 CEST.

Flavor Version Tinstall Tcheck Ttotal Status Flags
r-devel-linux-x86_64-debian-clang 2.0-0 229.76 99.23 328.99 OK
r-devel-linux-x86_64-debian-gcc 2.0-0 148.71 74.80 223.51 OK
r-devel-linux-x86_64-fedora-clang 2.0-0 435.83 NOTE
r-devel-linux-x86_64-fedora-gcc 2.0-0 406.92 OK
r-devel-windows-x86_64 2.0-0 169.00 120.00 289.00 OK
r-devel-windows-x86_64-gcc10-UCRT 2.0-0 OK
r-patched-linux-x86_64 2.0-0 182.82 95.22 278.04 OK
r-patched-solaris-x86 2.0-0 383.70 OK
r-release-linux-x86_64 2.0-0 181.82 95.83 277.65 OK
r-release-macos-arm64 2.0-0 NOTE
r-release-macos-x86_64 2.0-0 NOTE
r-release-windows-ix86+x86_64 2.0-0 462.00 138.00 600.00 NOTE
r-oldrel-macos-x86_64 2.0-0 NOTE
r-oldrel-windows-ix86+x86_64 2.0-0 330.00 194.00 524.00 NOTE

Check Details

Version: 2.0-0
Check: installed package size
Result: NOTE
     installed size is 15.7Mb
     sub-directories of 1Mb or more:
     data 1.5Mb
     libs 13.5Mb
Flavors: r-devel-linux-x86_64-fedora-clang, r-release-macos-arm64, r-release-macos-x86_64, r-release-windows-ix86+x86_64, r-oldrel-macos-x86_64, r-oldrel-windows-ix86+x86_64