CRAN Package Check Results for Package BayesNetBP

Last updated on 2021-08-04 05:52:23 CEST.

Flavor Version Tinstall Tcheck Ttotal Status Flags
r-devel-linux-x86_64-debian-clang 1.5.9 14.65 147.20 161.85 NOTE
r-devel-linux-x86_64-debian-gcc 1.5.9 14.24 108.85 123.09 NOTE
r-devel-linux-x86_64-fedora-clang 1.5.9 201.53 NOTE
r-devel-linux-x86_64-fedora-gcc 1.5.9 189.34 NOTE
r-devel-windows-x86_64 1.5.9 44.00 149.00 193.00 NOTE
r-devel-windows-x86_64-gcc10-UCRT 1.5.9 NOTE
r-patched-linux-x86_64 1.5.9 15.37 139.40 154.77 NOTE
r-patched-solaris-x86 1.5.9 265.60 NOTE
r-release-linux-x86_64 1.5.9 14.84 139.29 154.13 NOTE
r-release-macos-arm64 1.5.9 NOTE
r-release-macos-x86_64 1.5.9 NOTE
r-release-windows-ix86+x86_64 1.5.9 37.00 164.00 201.00 NOTE
r-oldrel-macos-x86_64 1.5.9 NOTE
r-oldrel-windows-ix86+x86_64 1.5.9 44.00 178.00 222.00 NOTE

Check Details

Version: 1.5.9
Check: package dependencies
Result: NOTE
    Package suggested but not available for checking: 'cyjShiny'
Flavors: r-devel-linux-x86_64-debian-clang, r-devel-linux-x86_64-debian-gcc, r-devel-linux-x86_64-fedora-clang, r-devel-linux-x86_64-fedora-gcc, r-devel-windows-x86_64, r-devel-windows-x86_64-gcc10-UCRT, r-patched-linux-x86_64, r-patched-solaris-x86, r-release-linux-x86_64, r-release-macos-x86_64, r-release-windows-ix86+x86_64, r-oldrel-macos-x86_64, r-oldrel-windows-ix86+x86_64

Version: 1.5.9
Check: package dependencies
Result: NOTE
    Packages suggested but not available for checking: 'cyjShiny', 'qtlnet'
Flavor: r-release-macos-arm64