CRAN Package Check Results for Package BHH2

Last updated on 2021-09-20 05:49:40 CEST.

Flavor Version Tinstall Tcheck Ttotal Status Flags
r-devel-linux-x86_64-debian-clang 2016.05.31 3.00 35.72 38.72 OK
r-devel-linux-x86_64-debian-gcc 2016.05.31 2.25 28.14 30.39 OK
r-devel-linux-x86_64-fedora-clang 2016.05.31 56.12 NOTE
r-devel-linux-x86_64-fedora-gcc 2016.05.31 46.05 OK
r-devel-windows-x86_64 2016.05.31 4.00 44.00 48.00 OK
r-devel-windows-x86_64-gcc10-UCRT 2016.05.31 ERROR
r-patched-linux-x86_64 2016.05.31 3.30 34.88 38.18 OK
r-patched-solaris-x86 2016.05.31 67.20 OK
r-release-linux-x86_64 2016.05.31 2.90 34.99 37.89 OK
r-release-macos-arm64 2016.05.31 OK
r-release-macos-x86_64 2016.05.31 OK
r-release-windows-ix86+x86_64 2016.05.31 6.00 55.00 61.00 OK
r-oldrel-macos-x86_64 2016.05.31 OK
r-oldrel-windows-ix86+x86_64 2016.05.31 6.00 43.00 49.00 OK

Check Details

Version: 2016.05.31
Check: Rd cross-references
Result: NOTE
    Undeclared package ‘conf.design’ in Rd xrefs
Flavor: r-devel-linux-x86_64-fedora-clang

Version: 2016.05.31
Check: whether package can be installed
Result: WARN
    Found the following significant warnings:
     WARNING: installation-time patches will not be applied, could not get the patches index
Flavor: r-devel-windows-x86_64-gcc10-UCRT

Version: 2016.05.31
Check: PDF version of manual
Result: WARN
    LaTeX errors when creating PDF version.
    This typically indicates Rd problems.
Flavor: r-devel-windows-x86_64-gcc10-UCRT

Version: 2016.05.31
Check: PDF version of manual without hyperrefs or index
Result: ERROR
    Re-running with no redirection of stdout/stderr.
Flavor: r-devel-windows-x86_64-gcc10-UCRT