CRAN Package Check Results for Package BAMBI

Last updated on 2021-09-26 05:51:00 CEST.

Flavor Version Tinstall Tcheck Ttotal Status Flags
r-devel-linux-x86_64-debian-clang 2.3.1 121.52 136.39 257.91 OK
r-devel-linux-x86_64-debian-gcc 2.3.2 77.69 103.66 181.35 OK
r-devel-linux-x86_64-fedora-clang 2.3.1 NOTE
r-devel-linux-x86_64-fedora-gcc 2.3.2 320.71 NOTE
r-devel-windows-x86_64 2.3.1 107.00 130.00 237.00 OK
r-devel-windows-x86_64-gcc10-UCRT 2.3.1 NOTE
r-patched-linux-x86_64 2.3.1 102.02 129.65 231.67 OK
r-patched-solaris-x86 2.3.2 327.00 NOTE
r-release-linux-x86_64 2.3.2 92.77 130.82 223.59 OK
r-release-macos-arm64 2.3.1 NOTE
r-release-macos-x86_64 2.3.1 NOTE
r-release-windows-ix86+x86_64 2.3.1 267.00 231.00 498.00 OK
r-oldrel-macos-x86_64 2.3.1 NOTE
r-oldrel-windows-ix86+x86_64 2.3.1 200.00 174.00 374.00 OK

Check Details

Version: 2.3.1
Check: dependencies in R code
Result: NOTE
    Namespace in Imports field not imported from: ‘stats4’
     All declared Imports should be used.
Flavors: r-devel-linux-x86_64-fedora-clang, r-devel-windows-x86_64-gcc10-UCRT, r-release-macos-arm64, r-release-macos-x86_64, r-oldrel-macos-x86_64

Version: 2.3.2
Check: dependencies in R code
Result: NOTE
    Namespace in Imports field not imported from: ‘stats4’
     All declared Imports should be used.
Flavors: r-devel-linux-x86_64-fedora-gcc, r-patched-solaris-x86

Version: 2.3.1
Check: installed package size
Result: NOTE
     installed size is 5.7Mb
     sub-directories of 1Mb or more:
     libs 5.1Mb
Flavor: r-release-macos-arm64