CRAN Package Check Results for Package ASSOCShiny

Last updated on 2021-09-20 05:49:39 CEST.

Flavor Version Tinstall Tcheck Ttotal Status Flags
r-devel-linux-x86_64-debian-clang 0.1.0 1.83 20.76 22.59 NOTE
r-devel-linux-x86_64-debian-gcc 0.1.0 1.65 16.32 17.97 NOTE
r-devel-linux-x86_64-fedora-clang 0.1.0 36.61 NOTE
r-devel-linux-x86_64-fedora-gcc 0.1.0 25.53 NOTE
r-devel-windows-x86_64 0.1.0 5.00 27.00 32.00 NOTE
r-devel-windows-x86_64-gcc10-UCRT 0.1.0 ERROR
r-patched-linux-x86_64 0.1.0 2.02 20.45 22.47 NOTE
r-patched-solaris-x86 0.1.0 43.10 NOTE
r-release-linux-x86_64 0.1.0 2.07 20.49 22.56 NOTE
r-release-macos-arm64 0.1.0 NOTE
r-release-macos-x86_64 0.1.0 NOTE
r-release-windows-ix86+x86_64 0.1.0 7.00 37.00 44.00 NOTE
r-oldrel-macos-x86_64 0.1.0 NOTE
r-oldrel-windows-ix86+x86_64 0.1.0 6.00 36.00 42.00 OK

Check Details

Version: 0.1.0
Check: LazyData
Result: NOTE
     'LazyData' is specified without a 'data' directory
Flavors: r-devel-linux-x86_64-debian-clang, r-devel-linux-x86_64-debian-gcc, r-devel-linux-x86_64-fedora-clang, r-devel-linux-x86_64-fedora-gcc, r-devel-windows-x86_64, r-devel-windows-x86_64-gcc10-UCRT, r-patched-linux-x86_64, r-patched-solaris-x86, r-release-linux-x86_64, r-release-macos-arm64, r-release-macos-x86_64, r-release-windows-ix86+x86_64

Version: 0.1.0
Check: dependencies in R code
Result: NOTE
    Namespaces in Imports field not imported from:
     ‘arules’ ‘arulesViz’ ‘dplyr’ ‘methods’ ‘plotly’ ‘shiny’ ‘shinyMatrix’
     All declared Imports should be used.
Flavors: r-devel-linux-x86_64-fedora-clang, r-devel-linux-x86_64-fedora-gcc, r-devel-windows-x86_64-gcc10-UCRT, r-patched-solaris-x86, r-release-macos-arm64, r-release-macos-x86_64, r-oldrel-macos-x86_64

Version: 0.1.0
Check: whether package can be installed
Result: WARN
    Found the following significant warnings:
     WARNING: installation-time patches will not be applied, could not get the patches index
Flavor: r-devel-windows-x86_64-gcc10-UCRT

Version: 0.1.0
Check: PDF version of manual
Result: WARN
    LaTeX errors when creating PDF version.
    This typically indicates Rd problems.
Flavor: r-devel-windows-x86_64-gcc10-UCRT

Version: 0.1.0
Check: PDF version of manual without hyperrefs or index
Result: ERROR
    Re-running with no redirection of stdout/stderr.
Flavor: r-devel-windows-x86_64-gcc10-UCRT