CRAN Package Check Results for Package wordcloud

Last updated on 2021-04-20 05:47:55 CEST.

Flavor Version Tinstall Tcheck Ttotal Status Flags
r-devel-linux-x86_64-debian-clang 2.6 20.54 33.90 54.44 OK
r-devel-linux-x86_64-debian-gcc 2.6 12.63 26.30 38.93 OK
r-devel-linux-x86_64-fedora-clang 2.6 80.35 NOTE
r-devel-linux-x86_64-fedora-gcc 2.6 66.08 NOTE
r-devel-windows-ix86+x86_64 2.6 52.00 60.00 112.00 OK
r-devel-windows-x86_64-gcc10-UCRT 2.6 NOTE
r-patched-linux-x86_64 2.6 15.60 33.12 48.72 OK
r-patched-solaris-x86 2.6 83.40 NOTE
r-release-linux-x86_64 2.6 14.59 32.41 47.00 OK
r-release-macos-x86_64 2.6 NOTE
r-release-windows-ix86+x86_64 2.6 52.00 81.00 133.00 OK
r-oldrel-macos-x86_64 2.6 NOTE
r-oldrel-windows-ix86+x86_64 2.6 35.00 72.00 107.00 OK

Check Details

Version: 2.6
Check: data for non-ASCII characters
Result: NOTE
     Note: found 2 marked UTF-8 strings
Flavors: r-devel-linux-x86_64-fedora-clang, r-devel-linux-x86_64-fedora-gcc, r-devel-windows-x86_64-gcc10-UCRT, r-patched-solaris-x86, r-release-macos-x86_64, r-oldrel-macos-x86_64