Last updated on 2021-03-09 05:47:23 CET.
Flavor | Version | Tinstall | Tcheck | Ttotal | Status | Flags |
---|---|---|---|---|---|---|
r-devel-linux-x86_64-debian-clang | 0.1.1 | 97.01 | 35.72 | 132.73 | OK | |
r-devel-linux-x86_64-debian-gcc | 0.1.1 | 66.34 | 27.72 | 94.06 | OK | |
r-devel-linux-x86_64-fedora-clang | 0.1.1 | 195.30 | NOTE | |||
r-devel-linux-x86_64-fedora-gcc | 0.1.1 | 174.74 | OK | |||
r-devel-windows-ix86+x86_64 | 0.1.1 | 220.00 | 87.00 | 307.00 | OK | |
r-devel-windows-x86_64-gcc10-UCRT | 0.1.1 | OK | ||||
r-patched-linux-x86_64 | 0.1.1 | 84.09 | 33.63 | 117.72 | OK | |
r-patched-solaris-x86 | 0.1.1 | 157.10 | OK | |||
r-release-linux-x86_64 | 0.1.1 | 83.78 | 33.85 | 117.63 | OK | |
r-release-macos-x86_64 | 0.1.1 | OK | ||||
r-release-windows-ix86+x86_64 | 0.1.1 | 178.00 | 85.00 | 263.00 | OK | |
r-oldrel-macos-x86_64 | 0.1.1 | OK | ||||
r-oldrel-windows-ix86+x86_64 | 0.1.1 | 156.00 | 63.00 | 219.00 | OK |
Version: 0.1.1
Check: installed package size
Result: NOTE
installed size is 6.7Mb
sub-directories of 1Mb or more:
libs 6.2Mb
Flavor: r-devel-linux-x86_64-fedora-clang