Last updated on 2023-11-28 05:52:10 CET.
Flavor | Version | Tinstall | Tcheck | Ttotal | Status | Flags |
---|---|---|---|---|---|---|
r-devel-linux-x86_64-debian-clang | 1.8.4 | 11.01 | 73.65 | 84.66 | OK | |
r-devel-linux-x86_64-debian-gcc | 1.8.4 | 7.96 | 56.52 | 64.48 | OK | |
r-devel-linux-x86_64-fedora-clang | 1.8.4 | 111.59 | OK | |||
r-devel-linux-x86_64-fedora-gcc | 1.8.4 | 107.37 | OK | |||
r-devel-windows-x86_64 | 1.8.4 | 13.00 | 91.00 | 104.00 | OK | |
r-patched-linux-x86_64 | 1.8.4 | 12.79 | 73.00 | 85.79 | OK | |
r-release-linux-x86_64 | 1.8.4 | 10.36 | 71.99 | 82.35 | OK | |
r-release-macos-arm64 | 1.8.4 | 35.00 | OK | |||
r-release-macos-x86_64 | 1.8.4 | 55.00 | NOTE | |||
r-release-windows-x86_64 | 1.8.4 | 16.00 | 99.00 | 115.00 | OK | |
r-oldrel-macos-arm64 | 1.8.4 | 36.00 | OK | |||
r-oldrel-macos-x86_64 | 1.8.4 | 63.00 | OK | |||
r-oldrel-windows-x86_64 | 1.8.4 | 19.00 | 86.00 | 105.00 | OK |
Version: 1.8.4
Check: package dependencies
Result: NOTE
Package suggested but not available for checking: ‘fftw’
Flavor: r-release-macos-x86_64