CRAN Package Check Results for Package vctrs

Last updated on 2021-01-17 05:48:57 CET.

Flavor Version Tinstall Tcheck Ttotal Status Flags
r-devel-linux-x86_64-debian-clang 0.3.6 31.11 152.94 184.05 ERROR
r-devel-linux-x86_64-debian-gcc 0.3.6 20.47 111.38 131.85 OK
r-devel-linux-x86_64-fedora-clang 0.3.6 170.38 OK
r-devel-linux-x86_64-fedora-gcc 0.3.6 225.54 OK
r-devel-windows-ix86+x86_64 0.3.6 75.00 238.00 313.00 ERROR
r-patched-linux-x86_64 0.3.6 24.59 145.10 169.69 OK
r-patched-solaris-x86 0.3.6 267.00 OK
r-release-linux-x86_64 0.3.6 24.12 142.99 167.11 OK
r-release-macos-x86_64 0.3.6 OK
r-release-windows-ix86+x86_64 0.3.6 80.00 212.00 292.00 OK
r-oldrel-macos-x86_64 0.3.6 OK
r-oldrel-windows-ix86+x86_64 0.3.6 87.00 199.00 286.00 OK

Check Details

Version: 0.3.6
Check: tests
Result: ERROR
     Running 'testthat.R' [79s/84s]
    Running the tests in 'tests/testthat.R' failed.
    Complete output:
     > library(testthat)
     > library(vctrs)
     >
     > if (requireNamespace("xml2")) {
     + test_check("vctrs", reporter = MultiReporter$new(reporters = list(JunitReporter$new(file = "test-results.xml"), CheckReporter$new())))
     + } else {
     + test_check("vctrs")
     + }
     Loading required namespace: xml2
     == Skipped tests ===============================================================
     * FIXME: c() fallback with recursion through df-col (1)
     * FIXME: dimnames of matrices are not properly concatenated (1)
     * Factors now have a `c()` method (1)
     * Not testing performance (2)
     * On CRAN (26)
     * data.table cannot be loaded (2)
     * sf cannot be loaded (1)
     * work around r-devel bug (1)
    
     == Failed tests ================================================================
     -- Failure (test-translate.R:90:3): translation treats data frames elements of lists as lists (#1233) --
     `actual` (`result`) not identical to `expected` (`x`).
    
     `actual[[1]]$a$field`: "°C" "°C"
     `expected[[1]]$a$field`: "°C" "°C"
     -- Failure (test-translate.R:126:3): attributes are translated -----------------
     `actual` (vec_unique(x)) not identical to `expected` (`expect`).
    
     `attr(actual[[2]], 'enc2')[[1]]`: "°C"
     `attr(expected[[2]], 'enc2')[[1]]`: "°C"
    
     `attr(actual[[2]], 'enc3')`: "°C"
     `attr(expected[[2]], 'enc3')`: "°C"
    
     [ FAIL 2 | WARN 0 | SKIP 35 | PASS 4098 ]
     Error: Test failures
     Execution halted
Flavor: r-devel-linux-x86_64-debian-clang

Version: 0.3.6
Check: running tests for arch ‘i386’
Result: ERROR
     Running 'testthat.R' [70s]
    Running the tests in 'tests/testthat.R' failed.
    Complete output:
     > library(testthat)
     > library(vctrs)
     >
     > if (requireNamespace("xml2")) {
     + test_check("vctrs", reporter = MultiReporter$new(reporters = list(JunitReporter$new(file = "test-results.xml"), CheckReporter$new())))
     + } else {
     + test_check("vctrs")
     + }
     Loading required namespace: xml2
     == Skipped tests ===============================================================
     * FIXME: c() fallback with recursion through df-col (1)
     * FIXME: dimnames of matrices are not properly concatenated (1)
     * Factors now have a `c()` method (1)
     * Not testing performance (2)
     * On CRAN (24)
     * data.table cannot be loaded (2)
     * profmem must be installed. (2)
     * sf cannot be loaded (1)
     * work around r-devel bug (1)
    
     == Failed tests ================================================================
     -- Failure (test-names.R:724:3): Name repair works with non-UTF-8 names --------
     `actual` (vec_as_names(x3, repair = "unique")) not equal to `expected` (paste0(x3, "...", 1:2)).
    
     `actual`: "façile...1" "façile...2"
     `expected`: "façile...1" "façile...2"
     -- Failure (test-translate.R:90:3): translation treats data frames elements of lists as lists (#1233) --
     `actual` (`result`) not identical to `expected` (`x`).
    
     `actual[[1]]$a$field`: "°C" "°C"
     `expected[[1]]$a$field`: "°C" "°C"
     -- Failure (test-translate.R:126:3): attributes are translated -----------------
     `actual` (vec_unique(x)) not identical to `expected` (`expect`).
    
     `attr(actual[[2]], 'enc2')[[1]]`: "°C"
     `attr(expected[[2]], 'enc2')[[1]]`: "°C"
    
     `attr(actual[[2]], 'enc3')`: "°C"
     `attr(expected[[2]], 'enc3')`: "°C"
    
     [ FAIL 3 | WARN 0 | SKIP 35 | PASS 4097 ]
     Error: Test failures
     Execution halted
Flavor: r-devel-windows-ix86+x86_64

Version: 0.3.6
Check: running tests for arch ‘x64’
Result: ERROR
     Running 'testthat.R' [74s]
    Running the tests in 'tests/testthat.R' failed.
    Complete output:
     > library(testthat)
     > library(vctrs)
     >
     > if (requireNamespace("xml2")) {
     + test_check("vctrs", reporter = MultiReporter$new(reporters = list(JunitReporter$new(file = "test-results.xml"), CheckReporter$new())))
     + } else {
     + test_check("vctrs")
     + }
     Loading required namespace: xml2
     == Skipped tests ===============================================================
     * FIXME: c() fallback with recursion through df-col (1)
     * FIXME: dimnames of matrices are not properly concatenated (1)
     * Factors now have a `c()` method (1)
     * Not testing performance (2)
     * On CRAN (24)
     * data.table cannot be loaded (2)
     * profmem must be installed. (2)
     * sf cannot be loaded (1)
     * work around r-devel bug (1)
    
     == Failed tests ================================================================
     -- Failure (test-names.R:724:3): Name repair works with non-UTF-8 names --------
     `actual` (vec_as_names(x3, repair = "unique")) not equal to `expected` (paste0(x3, "...", 1:2)).
    
     `actual`: "façile...1" "façile...2"
     `expected`: "façile...1" "façile...2"
     -- Failure (test-translate.R:90:3): translation treats data frames elements of lists as lists (#1233) --
     `actual` (`result`) not identical to `expected` (`x`).
    
     `actual[[1]]$a$field`: "°C" "°C"
     `expected[[1]]$a$field`: "°C" "°C"
     -- Failure (test-translate.R:126:3): attributes are translated -----------------
     `actual` (vec_unique(x)) not identical to `expected` (`expect`).
    
     `attr(actual[[2]], 'enc2')[[1]]`: "°C"
     `attr(expected[[2]], 'enc2')[[1]]`: "°C"
    
     `attr(actual[[2]], 'enc3')`: "°C"
     `attr(expected[[2]], 'enc3')`: "°C"
    
     [ FAIL 3 | WARN 0 | SKIP 35 | PASS 4097 ]
     Error: Test failures
     Execution halted
Flavor: r-devel-windows-ix86+x86_64